Last updated on 2025-11-21 09:49:15 CET.
| Flavor | Version | Tinstall | Tcheck | Ttotal | Status | Flags |
|---|---|---|---|---|---|---|
| r-devel-linux-x86_64-debian-clang | 0.8.2 | 89.28 | 137.25 | 226.53 | OK | |
| r-devel-linux-x86_64-debian-gcc | 0.8.2 | 58.96 | 94.50 | 153.46 | OK | |
| r-devel-linux-x86_64-fedora-clang | 0.8.2 | 174.00 | 220.50 | 394.50 | OK | |
| r-devel-linux-x86_64-fedora-gcc | 0.8.2 | 179.00 | 202.02 | 381.02 | OK | |
| r-devel-windows-x86_64 | 0.8.2 | 118.00 | 157.00 | 275.00 | OK | |
| r-patched-linux-x86_64 | 0.8.2 | 92.57 | 127.10 | 219.67 | OK | |
| r-release-linux-x86_64 | 0.8.2 | 85.00 | 126.36 | 211.36 | OK | |
| r-release-macos-arm64 | 0.8.2 | OK | ||||
| r-release-macos-x86_64 | 0.8.2 | 39.00 | 115.00 | 154.00 | OK | |
| r-release-windows-x86_64 | 0.8.2 | 105.00 | 160.00 | 265.00 | OK | |
| r-oldrel-macos-arm64 | 0.8.2 | NOTE | ||||
| r-oldrel-macos-x86_64 | 0.8.2 | 35.00 | 120.00 | 155.00 | NOTE | |
| r-oldrel-windows-x86_64 | 0.8.2 | 123.00 | 200.00 | 323.00 | OK |
Version: 0.8.2
Check: installed package size
Result: NOTE
installed size is 7.3Mb
sub-directories of 1Mb or more:
data 1.5Mb
libs 5.3Mb
Flavors: r-oldrel-macos-arm64, r-oldrel-macos-x86_64