Last updated on 2025-10-23 10:48:54 CEST.
Flavor | Version | Tinstall | Tcheck | Ttotal | Status | Flags |
---|---|---|---|---|---|---|
r-devel-linux-x86_64-debian-clang | 0.2.2 | 2.52 | 46.42 | 48.94 | NOTE | |
r-devel-linux-x86_64-debian-gcc | 0.2.2 | 1.76 | 45.16 | 46.92 | OK | |
r-devel-linux-x86_64-fedora-clang | 0.2.2 | 66.80 | OK | |||
r-devel-linux-x86_64-fedora-gcc | 0.2.2 | 11.00 | 74.70 | 85.70 | OK | |
r-devel-windows-x86_64 | 0.2.2 | 5.00 | 74.00 | 79.00 | OK | |
r-patched-linux-x86_64 | 0.2.2 | 2.60 | 43.26 | 45.86 | OK | |
r-release-linux-x86_64 | 0.2.2 | 2.56 | 43.86 | 46.42 | OK | |
r-release-macos-arm64 | 0.2.2 | 1.00 | 35.00 | 36.00 | OK | |
r-release-macos-x86_64 | 0.2.2 | 3.00 | 70.00 | 73.00 | OK | |
r-release-windows-x86_64 | 0.2.2 | 5.00 | 77.00 | 82.00 | OK | |
r-oldrel-macos-arm64 | 0.2.2 | 1.00 | 33.00 | 34.00 | OK | |
r-oldrel-macos-x86_64 | 0.2.2 | 2.00 | 47.00 | 49.00 | OK | |
r-oldrel-windows-x86_64 | 0.2.2 | 6.00 | 80.00 | 86.00 | OK |
Version: 0.2.2
Check: HTML version of manual
Result: NOTE
Found the following HTML validation problems:
robservable-shiny.html:68:1 (robservable-shiny.Rd:25): Warning: missing </ul> before </div>
Flavor: r-devel-linux-x86_64-debian-clang