CRAN Package Check Results for Package robcor

Last updated on 2025-11-02 11:50:34 CET.

Flavor Version Tinstall Tcheck Ttotal Status Flags
r-devel-linux-x86_64-debian-clang 0.1-6.1 1.88 19.74 21.62 NOTE
r-devel-linux-x86_64-debian-gcc 0.1-6.1 1.36 16.54 17.90 NOTE
r-devel-linux-x86_64-fedora-clang 0.1-6.1 31.72 OK
r-devel-linux-x86_64-fedora-gcc 0.1-6.1 32.16 OK
r-devel-windows-x86_64 0.1-6.1 2.00 38.00 40.00 OK
r-patched-linux-x86_64 0.1-6.1 1.83 18.89 20.72 OK
r-release-linux-x86_64 0.1-6.1 1.85 18.77 20.62 OK
r-release-macos-arm64 0.1-6.1 1.00 15.00 16.00 OK
r-release-macos-x86_64 0.1-6.1 2.00 22.00 24.00 OK
r-release-windows-x86_64 0.1-6.1 4.00 37.00 41.00 OK
r-oldrel-macos-arm64 0.1-6.1 1.00 18.00 19.00 OK
r-oldrel-macos-x86_64 0.1-6.1 1.00 18.00 19.00 OK
r-oldrel-windows-x86_64 0.1-6.1 3.00 44.00 47.00 OK

Check Details

Version: 0.1-6.1
Check: CRAN incoming feasibility
Result: NOTE Maintainer: ‘Paul Smirnov <s.paul@mail.ru>’ No Authors@R field in DESCRIPTION. Please add one, modifying Authors@R: person(given = "Paul", family = "Smirnov", role = c("aut", "cre"), email = "s.paul@mail.ru") as necessary. Flavors: r-devel-linux-x86_64-debian-clang, r-devel-linux-x86_64-debian-gcc