Last updated on 2025-11-09 09:48:52 CET.
| Flavor | Version | Tinstall | Tcheck | Ttotal | Status | Flags |
|---|---|---|---|---|---|---|
| r-devel-linux-x86_64-debian-clang | 0.4-0 | 5.35 | 40.25 | 45.60 | NOTE | |
| r-devel-linux-x86_64-debian-gcc | 0.4-0 | 3.99 | 31.27 | 35.26 | NOTE | |
| r-devel-linux-x86_64-fedora-clang | 0.4-0 | 22.00 | 47.97 | 69.97 | NOTE | |
| r-devel-linux-x86_64-fedora-gcc | 0.4-0 | 11.00 | 52.69 | 63.69 | NOTE | |
| r-devel-windows-x86_64 | 0.4-0 | 7.00 | 59.00 | 66.00 | NOTE | |
| r-patched-linux-x86_64 | 0.4-0 | 5.63 | 37.76 | 43.39 | NOTE | |
| r-release-linux-x86_64 | 0.4-0 | 4.42 | 38.04 | 42.46 | NOTE | |
| r-release-macos-arm64 | 0.4-0 | 2.00 | 22.00 | 24.00 | NOTE | |
| r-release-macos-x86_64 | 0.4-0 | 4.00 | 36.00 | 40.00 | NOTE | |
| r-release-windows-x86_64 | 0.4-0 | 6.00 | 58.00 | 64.00 | NOTE | |
| r-oldrel-macos-arm64 | 0.4-0 | 2.00 | 25.00 | 27.00 | NOTE | |
| r-oldrel-macos-x86_64 | 0.4-0 | 3.00 | 32.00 | 35.00 | NOTE | |
| r-oldrel-windows-x86_64 | 0.4-0 | 6.00 | 68.00 | 74.00 | NOTE |
Version: 0.4-0
Check: Rd files
Result: NOTE
checkRd: (-1) NlistServersInCategory.Rd:11: Escaped LaTeX specials: \_
Flavors: r-devel-linux-x86_64-debian-clang, r-devel-linux-x86_64-debian-gcc, r-devel-linux-x86_64-fedora-clang, r-devel-linux-x86_64-fedora-gcc, r-devel-windows-x86_64, r-patched-linux-x86_64, r-release-linux-x86_64, r-release-macos-arm64, r-release-macos-x86_64, r-release-windows-x86_64, r-oldrel-macos-arm64, r-oldrel-macos-x86_64, r-oldrel-windows-x86_64