Last updated on 2025-10-31 09:50:28 CET.
| Flavor | Version | Tinstall | Tcheck | Ttotal | Status | Flags | 
|---|---|---|---|---|---|---|
| r-devel-linux-x86_64-debian-clang | 1.0.4.1 | 6.35 | 58.52 | 64.87 | NOTE | |
| r-devel-linux-x86_64-debian-gcc | 1.0.4.1 | 4.86 | 44.52 | 49.38 | NOTE | |
| r-devel-linux-x86_64-fedora-clang | 1.0.4.1 | 14.00 | 85.23 | 99.23 | OK | |
| r-devel-linux-x86_64-fedora-gcc | 1.0.4.1 | 21.00 | 78.48 | 99.48 | OK | |
| r-devel-windows-x86_64 | 1.0.4.1 | 7.00 | 69.00 | 76.00 | OK | |
| r-patched-linux-x86_64 | 1.0.4.1 | 5.86 | 55.80 | 61.66 | OK | |
| r-release-linux-x86_64 | 1.0.4.1 | 5.51 | 56.30 | 61.81 | OK | |
| r-release-macos-arm64 | 1.0.4.1 | 3.00 | 32.00 | 35.00 | OK | |
| r-release-macos-x86_64 | 1.0.4.1 | 6.00 | 49.00 | 55.00 | OK | |
| r-release-windows-x86_64 | 1.0.4.1 | 8.00 | 70.00 | 78.00 | OK | |
| r-oldrel-macos-arm64 | 1.0.4.1 | 3.00 | 29.00 | 32.00 | OK | |
| r-oldrel-macos-x86_64 | 1.0.4.1 | 5.00 | 38.00 | 43.00 | OK | |
| r-oldrel-windows-x86_64 | 1.0.4.1 | 10.00 | 82.00 | 92.00 | OK | 
Version: 1.0.4.1
Check: CRAN incoming feasibility
Result: NOTE
  Maintainer: ‘Paramita Saha-Chaudhuri <paramita.sahachaudhuri.work@gmail.com>’
  
  No Authors@R field in DESCRIPTION.
  Please add one, modifying
    Authors@R: c(person(given = c("Patrick", "J."),
                        family = "Heagerty",
                        role = "aut",
                        email = "heagerty@u.washington.edu"),
                 person(given = c("packaging", "by", "Paramita"),
                        family = "Saha-Chaudhuri",
                        role = "aut",
                        email = "paramita.sahachaudhuri.work@gmail.com"),
                 person(given = "Paramita",
                        family = "Saha-Chaudhuri",
                        role = "cre",
                        email = "paramita.sahachaudhuri.work@gmail.com"))
  as necessary.
Flavors: r-devel-linux-x86_64-debian-clang, r-devel-linux-x86_64-debian-gcc