Last updated on 2025-10-09 12:51:30 CEST.
Flavor | Version | Tinstall | Tcheck | Ttotal | Status | Flags |
---|---|---|---|---|---|---|
r-devel-linux-x86_64-debian-clang | 0.3.0 | 24.69 | 143.10 | 167.79 | OK | |
r-devel-linux-x86_64-debian-gcc | 0.3.0 | 13.53 | 102.24 | 115.77 | OK | |
r-devel-linux-x86_64-fedora-clang | 0.3.0 | 263.68 | OK | |||
r-devel-linux-x86_64-fedora-gcc | 0.3.0 | 263.05 | OK | |||
r-devel-windows-x86_64 | 0.3.0 | 28.00 | 205.00 | 233.00 | OK | |
r-patched-linux-x86_64 | 0.3.0 | 21.32 | 135.80 | 157.12 | OK | |
r-release-linux-x86_64 | 0.3.0 | 22.08 | 136.98 | 159.06 | OK | |
r-release-macos-arm64 | 0.3.0 | 46.00 | OK | |||
r-release-macos-x86_64 | 0.3.0 | 95.00 | OK | |||
r-release-windows-x86_64 | 0.3.0 | 32.00 | 198.00 | 230.00 | OK | |
r-oldrel-macos-arm64 | 0.3.0 | 56.00 | NOTE | |||
r-oldrel-macos-x86_64 | 0.3.0 | 115.00 | NOTE | |||
r-oldrel-windows-x86_64 | 0.3.0 | 35.00 | 249.00 | 284.00 | OK |
Version: 0.3.0
Check: package dependencies
Result: NOTE
Package suggested but not available for checking: ‘resourcecodedata’
Flavors: r-oldrel-macos-arm64, r-oldrel-macos-x86_64