Last updated on 2025-11-14 10:50:06 CET.
| Flavor | Version | Tinstall | Tcheck | Ttotal | Status | Flags |
|---|---|---|---|---|---|---|
| r-devel-linux-x86_64-debian-clang | 0.1.0 | 4.57 | 42.62 | 47.19 | OK | |
| r-devel-linux-x86_64-debian-gcc | 0.1.0 | 2.99 | 31.29 | 34.28 | OK | |
| r-devel-linux-x86_64-fedora-clang | 0.1.0 | 72.49 | OK | |||
| r-devel-linux-x86_64-fedora-gcc | 0.1.0 | 20.00 | 68.08 | 88.08 | OK | |
| r-devel-windows-x86_64 | 0.1.0 | 9.00 | 62.00 | 71.00 | OK | |
| r-patched-linux-x86_64 | 0.1.0 | 4.20 | 39.99 | 44.19 | OK | |
| r-release-linux-x86_64 | 0.1.0 | 2.51 | 39.76 | 42.27 | OK | |
| r-release-macos-arm64 | 0.1.0 | 2.00 | 43.00 | 45.00 | OK | |
| r-release-macos-x86_64 | 0.1.0 | 5.00 | 112.00 | 117.00 | OK | |
| r-release-windows-x86_64 | 0.1.0 | 7.00 | 66.00 | 73.00 | OK | |
| r-oldrel-macos-arm64 | 0.1.0 | 2.00 | 28.00 | 30.00 | NOTE | |
| r-oldrel-macos-x86_64 | 0.1.0 | 3.00 | 42.00 | 45.00 | NOTE | |
| r-oldrel-windows-x86_64 | 0.1.0 | 7.00 | 72.00 | 79.00 | NOTE |
Version: 0.1.0
Check: LazyData
Result: NOTE
'LazyData' is specified without a 'data' directory
Flavors: r-oldrel-macos-arm64, r-oldrel-macos-x86_64, r-oldrel-windows-x86_64