CRAN Package Check Results for Package relevance

Last updated on 2025-11-13 09:51:00 CET.

Flavor Version Tinstall Tcheck Ttotal Status Flags
r-devel-linux-x86_64-debian-clang 2.1 5.43 50.19 55.62 NOTE
r-devel-linux-x86_64-debian-gcc 2.1 3.38 37.61 40.99 NOTE
r-devel-linux-x86_64-fedora-clang 2.1 11.00 72.82 83.82 OK
r-devel-linux-x86_64-fedora-gcc 2.1 22.00 75.88 97.88 OK
r-devel-windows-x86_64 2.1 6.00 79.00 85.00 OK
r-patched-linux-x86_64 2.1 5.90 48.21 54.11 OK
r-release-linux-x86_64 2.1 4.54 48.01 52.55 OK
r-release-macos-arm64 2.1 2.00 28.00 30.00 OK
r-release-macos-x86_64 2.1 3.00 57.00 60.00 OK
r-release-windows-x86_64 2.1 6.00 77.00 83.00 OK
r-oldrel-macos-arm64 2.1 2.00 26.00 28.00 OK
r-oldrel-macos-x86_64 2.1 6.00 85.00 91.00 OK
r-oldrel-windows-x86_64 2.1 8.00 90.00 98.00 OK

Check Details

Version: 2.1
Check: CRAN incoming feasibility
Result: NOTE Maintainer: ‘Werner A. Stahel <stahel@stat.math.ethz.ch>’ No Authors@R field in DESCRIPTION. Please add one, modifying Authors@R: person(given = c("Werner", "A."), family = "Stahel", role = c("aut", "cre"), email = "stahel@stat.math.ethz.ch") as necessary. Flavors: r-devel-linux-x86_64-debian-clang, r-devel-linux-x86_64-debian-gcc