Last updated on 2025-10-31 09:50:27 CET.
| Flavor | Version | Tinstall | Tcheck | Ttotal | Status | Flags | 
|---|---|---|---|---|---|---|
| r-devel-linux-x86_64-debian-clang | 1.0.0 | 2.55 | 17.15 | 19.70 | NOTE | |
| r-devel-linux-x86_64-debian-gcc | 1.0.0 | 1.78 | 14.52 | 16.30 | NOTE | |
| r-devel-linux-x86_64-fedora-clang | 1.0.0 | 28.72 | OK | |||
| r-devel-linux-x86_64-fedora-gcc | 1.0.0 | 27.35 | OK | |||
| r-devel-windows-x86_64 | 1.0.0 | 3.00 | 35.00 | 38.00 | OK | |
| r-patched-linux-x86_64 | 1.0.0 | 2.55 | 16.12 | 18.67 | OK | |
| r-release-linux-x86_64 | 1.0.0 | 2.10 | 16.13 | 18.23 | OK | |
| r-release-macos-arm64 | 1.0.0 | 1.00 | 13.00 | 14.00 | OK | |
| r-release-macos-x86_64 | 1.0.0 | 2.00 | 20.00 | 22.00 | OK | |
| r-release-windows-x86_64 | 1.0.0 | 4.00 | 38.00 | 42.00 | OK | |
| r-oldrel-macos-arm64 | 1.0.0 | 1.00 | 13.00 | 14.00 | NOTE | |
| r-oldrel-macos-x86_64 | 1.0.0 | 2.00 | 17.00 | 19.00 | NOTE | |
| r-oldrel-windows-x86_64 | 1.0.0 | 3.00 | 41.00 | 44.00 | NOTE | 
Version: 1.0.0
Check: CRAN incoming feasibility
Result: NOTE
  Maintainer: ‘Jialun Zhang <reatank@foxmail.com>’
  
  No Authors@R field in DESCRIPTION.
  Please add one, modifying
    Authors@R: c(person(given = "Jialun",
                        family = "Zhang",
                        role = c("aut", "cre"),
                        email = "reatank@foxmail.com"),
                 person(given = "Zhilan",
                        family = "Fan",
                        role = "aut"),
                 person(given = "Hang",
                        family = "Zhang",
                        role = "aut"))
  as necessary.
Flavors: r-devel-linux-x86_64-debian-clang, r-devel-linux-x86_64-debian-gcc
Version: 1.0.0
Check: LazyData
Result: NOTE
    'LazyData' is specified without a 'data' directory
Flavors: r-oldrel-macos-arm64, r-oldrel-macos-x86_64, r-oldrel-windows-x86_64