Last updated on 2025-11-12 10:52:54 CET.
| Flavor | Version | Tinstall | Tcheck | Ttotal | Status | Flags |
|---|---|---|---|---|---|---|
| r-devel-linux-x86_64-debian-clang | 0.5.3 | 4.72 | 38.95 | 43.67 | NOTE | |
| r-devel-linux-x86_64-debian-gcc | 0.5.3 | 3.60 | 29.14 | 32.74 | NOTE | |
| r-devel-linux-x86_64-fedora-clang | 0.5.3 | 15.00 | 53.04 | 68.04 | NOTE | |
| r-devel-linux-x86_64-fedora-gcc | 0.5.3 | 18.00 | 49.85 | 67.85 | NOTE | |
| r-devel-windows-x86_64 | 0.5.3 | 7.00 | 53.00 | 60.00 | NOTE | |
| r-patched-linux-x86_64 | 0.5.3 | 5.10 | 36.39 | 41.49 | NOTE | |
| r-release-linux-x86_64 | 0.5.3 | 5.29 | 36.38 | 41.67 | NOTE | |
| r-release-macos-arm64 | 0.5.3 | 3.00 | 21.00 | 24.00 | NOTE | |
| r-release-macos-x86_64 | 0.5.3 | 5.00 | 35.00 | 40.00 | NOTE | |
| r-release-windows-x86_64 | 0.5.3 | 6.00 | 56.00 | 62.00 | NOTE | |
| r-oldrel-macos-arm64 | 0.5.3 | 3.00 | 21.00 | 24.00 | OK | |
| r-oldrel-macos-x86_64 | 0.5.3 | 4.00 | 30.00 | 34.00 | OK | |
| r-oldrel-windows-x86_64 | 0.5.3 | 10.00 | 65.00 | 75.00 | OK |
Version: 0.5.3
Check: DESCRIPTION meta-information
Result: NOTE
Missing dependency on R >= 4.1.0 because package code uses the pipe
|> or function shorthand \(...) syntax added in R 4.1.0.
File(s) using such syntax:
‘render_model.R’
Flavors: r-devel-linux-x86_64-debian-clang, r-devel-linux-x86_64-debian-gcc, r-devel-linux-x86_64-fedora-clang, r-devel-linux-x86_64-fedora-gcc, r-devel-windows-x86_64, r-patched-linux-x86_64, r-release-linux-x86_64, r-release-macos-arm64, r-release-macos-x86_64, r-release-windows-x86_64