CRAN Package Check Results for Package raven.rdf

Last updated on 2025-11-14 10:50:05 CET.

Flavor Version Tinstall Tcheck Ttotal Status Flags
r-devel-linux-x86_64-debian-clang 0.2.0 2.94 22.08 25.02 OK
r-devel-linux-x86_64-debian-gcc 0.2.0 2.00 17.39 19.39 OK
r-devel-linux-x86_64-fedora-clang 0.2.0 37.64 OK
r-devel-linux-x86_64-fedora-gcc 0.2.0 35.44 OK
r-devel-windows-x86_64 0.2.0 3.00 40.00 43.00 OK
r-patched-linux-x86_64 0.2.0 2.94 20.90 23.84 OK
r-release-linux-x86_64 0.2.0 2.95 21.22 24.17 OK
r-release-macos-arm64 0.2.0 1.00 13.00 14.00 OK
r-release-macos-x86_64 0.2.0 3.00 21.00 24.00 OK
r-release-windows-x86_64 0.2.0 4.00 41.00 45.00 OK
r-oldrel-macos-arm64 0.2.0 1.00 13.00 14.00 NOTE
r-oldrel-macos-x86_64 0.2.0 2.00 19.00 21.00 NOTE
r-oldrel-windows-x86_64 0.2.0 4.00 46.00 50.00 NOTE

Check Details

Version: 0.2.0
Check: LazyData
Result: NOTE 'LazyData' is specified without a 'data' directory Flavors: r-oldrel-macos-arm64, r-oldrel-macos-x86_64, r-oldrel-windows-x86_64