Last updated on 2025-10-30 09:50:00 CET.
| Flavor | Version | Tinstall | Tcheck | Ttotal | Status | Flags | 
|---|---|---|---|---|---|---|
| r-devel-linux-x86_64-debian-clang | 0.1.4 | 3.77 | 25.30 | 29.07 | NOTE | |
| r-devel-linux-x86_64-debian-gcc | 0.1.4 | 2.89 | 20.41 | 23.30 | NOTE | |
| r-devel-linux-x86_64-fedora-clang | 0.1.4 | 42.18 | OK | |||
| r-devel-linux-x86_64-fedora-gcc | 0.1.4 | 41.26 | OK | |||
| r-devel-windows-x86_64 | 0.1.4 | 8.00 | 44.00 | 52.00 | OK | |
| r-patched-linux-x86_64 | 0.1.4 | 3.63 | 23.72 | 27.35 | OK | |
| r-release-linux-x86_64 | 0.1.4 | 3.43 | 23.89 | 27.32 | OK | |
| r-release-macos-arm64 | 0.1.4 | 3.00 | 17.00 | 20.00 | OK | |
| r-release-macos-x86_64 | 0.1.4 | 7.00 | 41.00 | 48.00 | OK | |
| r-release-windows-x86_64 | 0.1.4 | 8.00 | 50.00 | 58.00 | OK | |
| r-oldrel-macos-arm64 | 0.1.4 | 3.00 | 14.00 | 17.00 | NOTE | |
| r-oldrel-macos-x86_64 | 0.1.4 | 5.00 | 38.00 | 43.00 | NOTE | |
| r-oldrel-windows-x86_64 | 0.1.4 | 8.00 | 50.00 | 58.00 | NOTE | 
Version: 0.1.4
Check: CRAN incoming feasibility
Result: NOTE
  Maintainer: ‘Tong He <hetong007@gmail.com>’
  
  No Authors@R field in DESCRIPTION.
  Please add one, modifying
    Authors@R: c(person(given = "Tong",
                        family = "He",
                        role = c("aut", "cre"),
                        email = "hetong007@gmail.com"),
                 person(given = "Oliver",
                        family = "Keyes",
                        role = "ctb"))
  as necessary.
  
  The Description field contains
    in Chinese (http://www.ltp-cloud.com/).
  Please enclose URLs in angle brackets (<...>).
Flavors: r-devel-linux-x86_64-debian-clang, r-devel-linux-x86_64-debian-gcc
Version: 0.1.4
Check: LazyData
Result: NOTE
    'LazyData' is specified without a 'data' directory
Flavors: r-oldrel-macos-arm64, r-oldrel-macos-x86_64, r-oldrel-windows-x86_64