CRAN Package Check Results for Package quRan

Last updated on 2025-11-26 10:49:54 CET.

Flavor Version Tinstall Tcheck Ttotal Status Flags
r-devel-linux-x86_64-debian-clang 0.1.0 2.46 24.20 26.66 NOTE
r-devel-linux-x86_64-debian-gcc 0.1.0 2.00 19.83 21.83 NOTE
r-devel-linux-x86_64-fedora-clang 0.1.0 38.33 OK
r-devel-linux-x86_64-fedora-gcc 0.1.0 36.74 OK
r-devel-windows-x86_64 0.1.0 7.00 42.00 49.00 OK
r-patched-linux-x86_64 0.1.0 2.90 21.67 24.57 OK
r-release-linux-x86_64 0.1.0 2.47 21.40 23.87 OK
r-release-macos-arm64 0.1.0 OK
r-release-macos-x86_64 0.1.0 3.00 25.00 28.00 OK
r-release-windows-x86_64 0.1.0 4.00 47.00 51.00 OK
r-oldrel-macos-arm64 0.1.0 OK
r-oldrel-macos-x86_64 0.1.0 2.00 23.00 25.00 OK
r-oldrel-windows-x86_64 0.1.0 6.00 50.00 56.00 OK

Check Details

Version: 0.1.0
Check: CRAN incoming feasibility
Result: NOTE Maintainer: ‘Andrew Heiss <andrew@andrewheiss.com>’ Found the following (possibly) invalid file URI: URI: CONDUCT.md From: README.md Flavors: r-devel-linux-x86_64-debian-clang, r-devel-linux-x86_64-debian-gcc