Last updated on 2025-10-31 09:50:27 CET.
| Flavor | Version | Tinstall | Tcheck | Ttotal | Status | Flags | 
|---|---|---|---|---|---|---|
| r-devel-linux-x86_64-debian-clang | 0.1.0 | 36.99 | 233.85 | 270.84 | NOTE | |
| r-devel-linux-x86_64-debian-gcc | 0.1.0 | 24.85 | 148.62 | 173.47 | NOTE | |
| r-devel-linux-x86_64-fedora-clang | 0.1.0 | 91.00 | 347.45 | 438.45 | NOTE | |
| r-devel-linux-x86_64-fedora-gcc | 0.1.0 | 88.00 | 337.10 | 425.10 | NOTE | |
| r-devel-windows-x86_64 | 0.1.0 | 41.00 | 195.00 | 236.00 | OK | |
| r-patched-linux-x86_64 | 0.1.0 | 34.45 | 222.72 | 257.17 | OK | |
| r-release-linux-x86_64 | 0.1.0 | 36.20 | 221.07 | 257.27 | OK | |
| r-release-macos-arm64 | 0.1.0 | 18.00 | 78.00 | 96.00 | OK | |
| r-release-macos-x86_64 | 0.1.0 | 30.00 | 168.00 | 198.00 | OK | |
| r-release-windows-x86_64 | 0.1.0 | 42.00 | 193.00 | 235.00 | OK | |
| r-oldrel-macos-arm64 | 0.1.0 | 16.00 | 70.00 | 86.00 | NOTE | |
| r-oldrel-macos-x86_64 | 0.1.0 | 24.00 | 117.00 | 141.00 | NOTE | |
| r-oldrel-windows-x86_64 | 0.1.0 | 53.00 | 241.00 | 294.00 | NOTE | 
Version: 0.1.0
Check: CRAN incoming feasibility
Result: NOTE
  Maintainer: ‘Bob Rudis <bob@rud.is>’
  
  Found the following (possibly) invalid file URI:
    URI: CONDUCT.md
      From: README.md
Flavors: r-devel-linux-x86_64-debian-clang, r-devel-linux-x86_64-debian-gcc
Version: 0.1.0
Check: compiled code
Result: NOTE
  File ‘qrencoder/libs/qrencoder.so’:
    Found no calls to: ‘R_registerRoutines’, ‘R_useDynamicSymbols’
  
  It is good practice to register native routines and to disable symbol
  search.
  
  See ‘Writing portable packages’ in the ‘Writing R Extensions’ manual.
Flavors: r-devel-linux-x86_64-fedora-clang, r-devel-linux-x86_64-fedora-gcc
Version: 0.1.0
Check: LazyData
Result: NOTE
    'LazyData' is specified without a 'data' directory
Flavors: r-oldrel-macos-arm64, r-oldrel-macos-x86_64, r-oldrel-windows-x86_64