CRAN Package Check Results for Package pylintR

Last updated on 2025-11-10 10:51:35 CET.

Flavor Version Tinstall Tcheck Ttotal Status Flags
r-devel-linux-x86_64-debian-clang 0.1.0 2.37 24.44 26.81 NOTE
r-devel-linux-x86_64-debian-gcc 0.1.0 1.77 19.71 21.48 NOTE
r-devel-linux-x86_64-fedora-clang 0.1.0 40.17 OK
r-devel-linux-x86_64-fedora-gcc 0.1.0 38.11 OK
r-devel-windows-x86_64 0.1.0 4.00 41.00 45.00 OK
r-patched-linux-x86_64 0.1.0 2.51 23.15 25.66 OK
r-release-linux-x86_64 0.1.0 2.11 23.30 25.41 OK
r-release-macos-arm64 0.1.0 1.00 17.00 18.00 OK
r-release-macos-x86_64 0.1.0 2.00 44.00 46.00 OK
r-release-windows-x86_64 0.1.0 5.00 41.00 46.00 OK
r-oldrel-macos-arm64 0.1.0 1.00 18.00 19.00 OK
r-oldrel-macos-x86_64 0.1.0 2.00 25.00 27.00 OK
r-oldrel-windows-x86_64 0.1.0 6.00 46.00 52.00 OK

Check Details

Version: 0.1.0
Check: CRAN incoming feasibility
Result: NOTE Maintainer: ‘Stéphane Laurent <laurent_step@outlook.fr>’ No Authors@R field in DESCRIPTION. Please add one, modifying Authors@R: person(given = "Stéphane", family = "Laurent", role = c("aut", "cre"), email = "laurent_step@outlook.fr") as necessary. Flavors: r-devel-linux-x86_64-debian-clang, r-devel-linux-x86_64-debian-gcc