Last updated on 2025-11-13 09:50:58 CET.
| Flavor | Version | Tinstall | Tcheck | Ttotal | Status | Flags |
|---|---|---|---|---|---|---|
| r-devel-linux-x86_64-debian-clang | 3.2.4 | 11.69 | 132.31 | 144.00 | NOTE | |
| r-devel-linux-x86_64-debian-gcc | 3.2.4 | 8.30 | 91.74 | 100.04 | NOTE | |
| r-devel-linux-x86_64-fedora-clang | 3.2.4 | 24.00 | 193.83 | 217.83 | NOTE | |
| r-devel-linux-x86_64-fedora-gcc | 3.2.4 | 29.00 | 197.67 | 226.67 | NOTE | |
| r-devel-windows-x86_64 | 3.2.4 | 13.00 | 157.00 | 170.00 | NOTE | |
| r-patched-linux-x86_64 | 3.2.4 | 11.05 | 124.51 | 135.56 | NOTE | |
| r-release-linux-x86_64 | 3.2.4 | 10.50 | 124.14 | 134.64 | NOTE | |
| r-release-macos-arm64 | 3.2.4 | 5.00 | 58.00 | 63.00 | NOTE | |
| r-release-macos-x86_64 | 3.2.4 | 9.00 | 142.00 | 151.00 | NOTE | |
| r-release-windows-x86_64 | 3.2.4 | 14.00 | 158.00 | 172.00 | NOTE | |
| r-oldrel-macos-arm64 | 3.2.4 | 4.00 | 64.00 | 68.00 | OK | |
| r-oldrel-macos-x86_64 | 3.2.4 | 9.00 | 108.00 | 117.00 | OK | |
| r-oldrel-windows-x86_64 | 3.2.4 | 18.00 | 190.00 | 208.00 | OK |
Version: 3.2.4
Check: DESCRIPTION meta-information
Result: NOTE
Missing dependency on R >= 4.1.0 because package code uses the pipe
|> or function shorthand \(...) syntax added in R 4.1.0.
File(s) using such syntax:
‘pwrFDR.R’
Flavors: r-devel-linux-x86_64-debian-clang, r-devel-linux-x86_64-debian-gcc, r-devel-linux-x86_64-fedora-clang, r-devel-linux-x86_64-fedora-gcc, r-devel-windows-x86_64, r-patched-linux-x86_64, r-release-linux-x86_64, r-release-macos-arm64, r-release-macos-x86_64, r-release-windows-x86_64