CRAN Package Check Results for Package protag

Last updated on 2025-10-27 09:50:42 CET.

Flavor Version Tinstall Tcheck Ttotal Status Flags
r-devel-linux-x86_64-debian-clang 1.0.0 5.87 67.26 73.13 OK
r-devel-linux-x86_64-debian-gcc 1.0.0 3.73 47.47 51.20 OK
r-devel-linux-x86_64-fedora-clang 1.0.0 14.00 103.95 117.95 NOTE
r-devel-linux-x86_64-fedora-gcc 1.0.0 28.00 89.97 117.97 NOTE
r-devel-windows-x86_64 1.0.0 8.00 76.00 84.00 OK
r-patched-linux-x86_64 1.0.0 6.14 64.41 70.55 OK
r-release-linux-x86_64 1.0.0 6.28 63.70 69.98 OK
r-release-macos-arm64 1.0.0 3.00 26.00 29.00 OK
r-release-macos-x86_64 1.0.0 4.00 57.00 61.00 OK
r-release-windows-x86_64 1.0.0 8.00 78.00 86.00 OK
r-oldrel-macos-arm64 1.0.0 2.00 25.00 27.00 OK
r-oldrel-macos-x86_64 1.0.0 3.00 37.00 40.00 OK
r-oldrel-windows-x86_64 1.0.0 10.00 94.00 104.00 OK

Check Details

Version: 1.0.0
Check: dependencies in R code
Result: NOTE Namespaces in Imports field not imported from: ‘RColorBrewer’ ‘grDevices’ All declared Imports should be used. Flavors: r-devel-linux-x86_64-fedora-clang, r-devel-linux-x86_64-fedora-gcc