CRAN Package Check Results for Package powerbydesign

Last updated on 2025-11-23 12:49:58 CET.

Flavor Version Tinstall Tcheck Ttotal Status Flags
r-devel-linux-x86_64-debian-clang 1.0.5 1.74 26.26 28.00 OK
r-devel-linux-x86_64-debian-gcc 1.0.5 1.52 20.59 22.11 OK
r-devel-linux-x86_64-fedora-clang 1.0.5 41.71 OK
r-devel-linux-x86_64-fedora-gcc 1.0.5 39.31 OK
r-devel-windows-x86_64 1.0.5 5.00 48.00 53.00 OK
r-patched-linux-x86_64 1.0.5 1.62 24.71 26.33 OK
r-release-linux-x86_64 1.0.5 2.03 24.54 26.57 OK
r-release-macos-arm64 1.0.5 OK
r-release-macos-x86_64 1.0.5 2.00 28.00 30.00 OK
r-release-windows-x86_64 1.0.5 4.00 51.00 55.00 OK
r-oldrel-macos-arm64 1.0.5 NOTE
r-oldrel-macos-x86_64 1.0.5 2.00 25.00 27.00 NOTE
r-oldrel-windows-x86_64 1.0.5 5.00 54.00 59.00 NOTE

Check Details

Version: 1.0.5
Check: LazyData
Result: NOTE 'LazyData' is specified without a 'data' directory Flavors: r-oldrel-macos-arm64, r-oldrel-macos-x86_64, r-oldrel-windows-x86_64