Last updated on 2025-10-21 09:48:41 CEST.
Flavor | Version | Tinstall | Tcheck | Ttotal | Status | Flags |
---|---|---|---|---|---|---|
r-devel-linux-x86_64-debian-clang | 1.0.4 | 5.55 | 55.66 | 61.21 | OK | |
r-devel-linux-x86_64-debian-gcc | 1.0.4 | 4.11 | 41.66 | 45.77 | NOTE | |
r-devel-linux-x86_64-fedora-clang | 1.0.4 | 90.49 | OK | |||
r-devel-linux-x86_64-fedora-gcc | 1.0.4 | 99.97 | OK | |||
r-devel-windows-x86_64 | 1.0.4 | 6.00 | 73.00 | 79.00 | OK | |
r-patched-linux-x86_64 | 1.0.4 | 5.54 | 51.12 | 56.66 | OK | |
r-release-linux-x86_64 | 1.0.4 | 5.43 | 50.66 | 56.09 | OK | |
r-release-macos-arm64 | 1.0.4 | 40.00 | OK | |||
r-release-macos-x86_64 | 1.0.4 | 80.00 | OK | |||
r-release-windows-x86_64 | 1.0.4 | 6.00 | 82.00 | 88.00 | OK | |
r-oldrel-macos-arm64 | 1.0.4 | 47.00 | OK | |||
r-oldrel-macos-x86_64 | 1.0.4 | 80.00 | OK | |||
r-oldrel-windows-x86_64 | 1.0.4 | 8.00 | 85.00 | 93.00 | OK |
Version: 1.0.4
Check: HTML version of manual
Result: NOTE
Found the following HTML validation problems:
DBI-custom.html:105:1 (DBI-custom.Rd:37): Warning: missing </ul> before </div>
Pool-class.html:97:1 (Pool-class.Rd:44): Warning: missing </ul> before </div>
hooks.html:81:1 (hooks.Rd:44): Warning: missing </ul> before </div>
Flavor: r-devel-linux-x86_64-debian-gcc