CRAN Package Check Results for Package polyCub

Last updated on 2025-10-21 09:48:41 CEST.

Flavor Version Tinstall Tcheck Ttotal Status Flags
r-devel-linux-x86_64-debian-clang 0.9.2 3.85 54.59 58.44 OK
r-devel-linux-x86_64-debian-gcc 0.9.2 3.52 42.27 45.79 NOTE
r-devel-linux-x86_64-fedora-clang 0.9.2 86.22 OK
r-devel-linux-x86_64-fedora-gcc 0.9.2 99.52 OK
r-devel-windows-x86_64 0.9.2 7.00 85.00 92.00 OK
r-patched-linux-x86_64 0.9.2 4.36 50.95 55.31 OK
r-release-linux-x86_64 0.9.2 4.27 51.40 55.67 OK
r-release-macos-arm64 0.9.2 42.00 OK
r-release-macos-x86_64 0.9.2 70.00 OK
r-release-windows-x86_64 0.9.2 10.00 82.00 92.00 OK
r-oldrel-macos-arm64 0.9.2 64.00 OK
r-oldrel-macos-x86_64 0.9.2 107.00 OK
r-oldrel-windows-x86_64 0.9.2 12.00 96.00 108.00 OK

Check Details

Version: 0.9.2
Check: HTML version of manual
Result: NOTE Found the following HTML validation problems: plot_polyregion.html:62:1 (plot_polyregion.Rd:22): Warning: missing </ul> before </div> Flavor: r-devel-linux-x86_64-debian-gcc