Last updated on 2025-10-31 09:50:26 CET.
| Flavor | Version | Tinstall | Tcheck | Ttotal | Status | Flags | 
|---|---|---|---|---|---|---|
| r-devel-linux-x86_64-debian-clang | 0.2-1 | 6.59 | 63.81 | 70.40 | NOTE | |
| r-devel-linux-x86_64-debian-gcc | 0.2-1 | 5.43 | 50.00 | 55.43 | NOTE | |
| r-devel-linux-x86_64-fedora-clang | 0.2-1 | 23.00 | 84.84 | 107.84 | OK | |
| r-devel-linux-x86_64-fedora-gcc | 0.2-1 | 22.00 | 95.89 | 117.89 | OK | |
| r-devel-windows-x86_64 | 0.2-1 | 10.00 | 97.00 | 107.00 | OK | |
| r-patched-linux-x86_64 | 0.2-1 | 7.70 | 60.18 | 67.88 | OK | |
| r-release-linux-x86_64 | 0.2-1 | 6.64 | 60.69 | 67.33 | OK | |
| r-release-macos-arm64 | 0.2-1 | 5.00 | ERROR | |||
| r-release-macos-x86_64 | 0.2-1 | 6.00 | ERROR | |||
| r-release-windows-x86_64 | 0.2-1 | 11.00 | 102.00 | 113.00 | OK | |
| r-oldrel-macos-arm64 | 0.2-1 | 10.00 | ERROR | |||
| r-oldrel-macos-x86_64 | 0.2-1 | 11.00 | ERROR | |||
| r-oldrel-windows-x86_64 | 0.2-1 | 10.00 | 108.00 | 118.00 | OK | 
Version: 0.2-1
Check: CRAN incoming feasibility
Result: NOTE
  Maintainer: ‘Wei-Chen Chen <wccsnow@gmail.com>’
  
  Package CITATION file contains call(s) to old-style personList() or
  as.personList().  Please use c() on person objects instead.
  Package CITATION file contains call(s) to old-style citEntry().  Please
  use bibentry() instead.
Flavors: r-devel-linux-x86_64-debian-clang, r-devel-linux-x86_64-debian-gcc
Version: 0.2-1
Check: package dependencies
Result: ERROR
  Package required but not available: ‘pbdMPI’
  
  See section ‘The DESCRIPTION file’ in the ‘Writing R Extensions’
  manual.
Flavors: r-release-macos-arm64, r-release-macos-x86_64, r-oldrel-macos-arm64, r-oldrel-macos-x86_64