Last updated on 2025-07-27 10:49:29 CEST.
Flavor | Version | Tinstall | Tcheck | Ttotal | Status | Flags |
---|---|---|---|---|---|---|
r-devel-linux-x86_64-debian-clang | 4.11.0 | 16.90 | 234.75 | 251.65 | OK | |
r-devel-linux-x86_64-debian-gcc | 4.11.0 | 10.97 | 151.66 | 162.63 | OK | |
r-devel-linux-x86_64-fedora-clang | 4.11.0 | 371.94 | OK | |||
r-devel-linux-x86_64-fedora-gcc | 4.11.0 | 353.07 | OK | |||
r-devel-windows-x86_64 | 4.11.0 | 21.00 | 209.00 | 230.00 | OK | |
r-patched-linux-x86_64 | 4.11.0 | 15.63 | 207.68 | 223.31 | OK | |
r-release-linux-x86_64 | 4.11.0 | 15.71 | 208.54 | 224.25 | OK | |
r-release-macos-arm64 | 4.11.0 | 108.00 | OK | |||
r-release-macos-x86_64 | 4.11.0 | 193.00 | OK | |||
r-release-windows-x86_64 | 4.11.0 | 22.00 | 206.00 | 228.00 | OK | |
r-oldrel-macos-arm64 | 4.11.0 | 103.00 | NOTE | |||
r-oldrel-macos-x86_64 | 4.11.0 | 204.00 | NOTE | |||
r-oldrel-windows-x86_64 | 4.11.0 | 28.00 | 269.00 | 297.00 | NOTE |
Version: 4.11.0
Check: installed package size
Result: NOTE
installed size is 7.7Mb
sub-directories of 1Mb or more:
R 1.0Mb
examples 1.4Mb
htmlwidgets 4.0Mb
Flavors: r-oldrel-macos-arm64, r-oldrel-macos-x86_64, r-oldrel-windows-x86_64