Last updated on 2025-10-21 09:48:41 CEST.
Flavor | Version | Tinstall | Tcheck | Ttotal | Status | Flags |
---|---|---|---|---|---|---|
r-devel-linux-x86_64-debian-clang | 2.0.0 | 3.38 | 80.60 | 83.98 | OK | |
r-devel-linux-x86_64-debian-gcc | 2.0.0 | 2.71 | 56.27 | 58.98 | NOTE | |
r-devel-linux-x86_64-fedora-clang | 2.0.0 | 122.91 | OK | |||
r-devel-linux-x86_64-fedora-gcc | 2.0.0 | 138.74 | OK | |||
r-devel-windows-x86_64 | 2.0.0 | 6.00 | 88.00 | 94.00 | OK | |
r-patched-linux-x86_64 | 2.0.0 | 4.22 | 74.38 | 78.60 | OK | |
r-release-linux-x86_64 | 2.0.0 | 3.97 | 74.99 | 78.96 | OK | |
r-release-macos-arm64 | 2.0.0 | 51.00 | OK | |||
r-release-macos-x86_64 | 2.0.0 | 81.00 | OK | |||
r-release-windows-x86_64 | 2.0.0 | 6.00 | 88.00 | 94.00 | OK | |
r-oldrel-macos-arm64 | 2.0.0 | 203.00 | OK | |||
r-oldrel-macos-x86_64 | 2.0.0 | 224.00 | OK | |||
r-oldrel-windows-x86_64 | 2.0.0 | 8.00 | 107.00 | 115.00 | OK |
Version: 2.0.0
Check: HTML version of manual
Result: NOTE
Found the following HTML validation problems:
Condition_test.html:58:1 (Condition_test.Rd:16): Warning: missing </ul> before </div>
Conduit_1.html:60:1 (Conduit_1.Rd:17): Warning: missing </ul> before </div>
Conduit_2.html:60:1 (Conduit_2.Rd:17): Warning: missing </ul> before </div>
Conduit_3.html:60:1 (Conduit_3.Rd:17): Warning: missing </ul> before </div>
Default_min_max.html:58:1 (Default_min_max.Rd:16): Warning: missing </ul> before </div>
Fac_F_RR1.html:60:1 (Fac_F_RR1.Rd:17): Warning: missing </ul> before </div>
Fac_F_RR2.html:64:1 (Fac_F_RR2.Rd:19): Warning: missing </ul> before </div>
Fac_F_RR3.html:64:1 (Fac_F_RR3.Rd:19): Warning: missing </ul> before </div>
Minimise_elements.html:58:1 (Minimise_elements.Rd:16): Warning: missing </ul> before </div>
Minimise_elements1.html:58:1 (Minimise_elements1.Rd:16): Warning: missing </ul> before </div>
Minimise_elements2.html:58:1 (Minimise_elements2.Rd:16): Warning: missing </ul> before </div>
Prochloro_NNLS_MF_Final.html:54:1 (Prochloro_NNLS_MF_Final.Rd:16): Warning: missing </ul> before </div>
Prochloro_Normalise_F.html:45:1 (Prochloro_Normalise_F.Rd:10): Warning: missing </ul> before </div>
Prochloro_Random_Neighbour.html:83:1 (Prochloro_Random_Neighbour.Rd:39): Warning: missing </ul> before </div>
Prochloro_Random_Neighbour_2.html:93:1 (Prochloro_Random_Neighbour_2.Rd:40): Warning: missing </ul> before </div>
Prochloro_Wrangling.html:51:1 (Prochloro_Wrangling.Rd:14): Warning: missing </ul> before </div>
Random_neighbour.html:84:1 (Random_neighbour.Rd:29): Warning: missing </ul> before </div>
Random_neighbour2.html:78:1 (Random_neighbour2.Rd:26): Warning: missing </ul> before </div>
Replace_Rand.html:68:1 (Replace_Rand.Rd:21): Warning: missing </ul> before </div>
SAALS.html:70:1 (SAALS.Rd:22): Warning: missing </ul> before </div>
Steepest_Descent.html:62:1 (Steepest_Descent.Rd:18): Warning: missing </ul> before </div>
Wrangling.html:56:1 (Wrangling.Rd:15): Warning: missing </ul> before </div>
target.html:46:1 (target.Rd:10): Warning: missing </ul> before </div>
vectorise.html:46:1 (vectorise.Rd:10): Warning: missing </ul> before </div>
Flavor: r-devel-linux-x86_64-debian-gcc