CRAN Package Check Results for Package phylometrics

Last updated on 2025-10-22 09:50:45 CEST.

Flavor Version Tinstall Tcheck Ttotal Status Flags
r-devel-linux-x86_64-debian-clang 0.0.1 2.06 24.35 26.41 NOTE
r-devel-linux-x86_64-debian-gcc 0.0.1 1.72 19.29 21.01 NOTE
r-devel-linux-x86_64-fedora-clang 0.0.1 38.66 OK
r-devel-linux-x86_64-fedora-gcc 0.0.1 36.51 OK
r-devel-windows-x86_64 0.0.1 3.00 48.00 51.00 OK
r-patched-linux-x86_64 0.0.1 2.29 23.19 25.48 OK
r-release-linux-x86_64 0.0.1 2.35 23.22 25.57 OK
r-release-macos-arm64 0.0.1 1.00 16.00 17.00 OK
r-release-macos-x86_64 0.0.1 3.00 37.00 40.00 OK
r-release-windows-x86_64 0.0.1 3.00 49.00 52.00 OK
r-oldrel-macos-arm64 0.0.1 1.00 16.00 17.00 OK
r-oldrel-macos-x86_64 0.0.1 3.00 27.00 30.00 OK
r-oldrel-windows-x86_64 0.0.1 4.00 52.00 56.00 OK

Check Details

Version: 0.0.1
Check: CRAN incoming feasibility
Result: NOTE Maintainer: ‘Xia Hua <xia.hua@anu.edu.au>’ No Authors@R field in DESCRIPTION. Please add one, modifying Authors@R: c(person(given = "Xia", family = "Hua", role = c("aut", "cre"), email = "xia.hua@anu.edu.au"), person(given = "Lindell", family = "Bromham", role = "aut", email = "lindell.bromham@anu.edu.au")) as necessary. Flavors: r-devel-linux-x86_64-debian-clang, r-devel-linux-x86_64-debian-gcc

Version: 0.0.1
Check: HTML version of manual
Result: NOTE Found the following HTML validation problems: fpd.html:50:1 (fpd.Rd:12): Warning: missing </ul> before </div> noto.html:50:1 (noto.Rd:12): Warning: missing </ul> before </div> sscd.html:50:1 (sscd.Rd:12): Warning: missing </ul> before </div> tars.html:50:1 (tars.Rd:12): Warning: missing </ul> before </div> Flavors: r-devel-linux-x86_64-debian-clang, r-devel-linux-x86_64-debian-gcc