Last updated on 2025-11-13 09:50:57 CET.
| Flavor | Version | Tinstall | Tcheck | Ttotal | Status | Flags |
|---|---|---|---|---|---|---|
| r-devel-linux-x86_64-debian-clang | 1.0.0 | 2.90 | 33.18 | 36.08 | NOTE | |
| r-devel-linux-x86_64-debian-gcc | 1.0.0 | 1.88 | 27.50 | 29.38 | NOTE | |
| r-devel-linux-x86_64-fedora-clang | 1.0.0 | 62.23 | OK | |||
| r-devel-linux-x86_64-fedora-gcc | 1.0.0 | 63.83 | OK | |||
| r-devel-windows-x86_64 | 1.0.0 | 3.00 | 64.00 | 67.00 | OK | |
| r-patched-linux-x86_64 | 1.0.0 | 3.14 | 30.83 | 33.97 | OK | |
| r-release-linux-x86_64 | 1.0.0 | 2.54 | 31.04 | 33.58 | OK | |
| r-release-macos-arm64 | 1.0.0 | 2.00 | 26.00 | 28.00 | OK | |
| r-release-macos-x86_64 | 1.0.0 | 2.00 | 45.00 | 47.00 | OK | |
| r-release-windows-x86_64 | 1.0.0 | 4.00 | 51.00 | 55.00 | OK | |
| r-oldrel-macos-arm64 | 1.0.0 | 1.00 | 25.00 | 26.00 | OK | |
| r-oldrel-macos-x86_64 | 1.0.0 | 2.00 | 36.00 | 38.00 | OK | |
| r-oldrel-windows-x86_64 | 1.0.0 | 5.00 | 60.00 | 65.00 | OK |
Version: 1.0.0
Check: CRAN incoming feasibility
Result: NOTE
Maintainer: ‘Stéphane Guerrier <stef.guerrier@gmail.com>’
The Description field contains
methods proposed in Guerrier et al. (2023) <arXiv:2012.10745>.
Please refer to arXiv e-prints via their arXiv DOI <doi:10.48550/arXiv.YYMM.NNNNN>.
Flavors: r-devel-linux-x86_64-debian-clang, r-devel-linux-x86_64-debian-gcc