Last updated on 2025-10-30 09:49:57 CET.
| Flavor | Version | Tinstall | Tcheck | Ttotal | Status | Flags | 
|---|---|---|---|---|---|---|
| r-devel-linux-x86_64-debian-clang | 1.1.3 | 14.46 | 114.96 | 129.42 | NOTE | |
| r-devel-linux-x86_64-debian-gcc | 1.1.3 | 9.87 | 79.40 | 89.27 | NOTE | |
| r-devel-linux-x86_64-fedora-clang | 1.1.3 | 41.00 | 154.78 | 195.78 | NOTE | |
| r-devel-linux-x86_64-fedora-gcc | 1.1.3 | 31.00 | 148.43 | 179.43 | NOTE | |
| r-devel-windows-x86_64 | 1.1.3 | 16.00 | 113.00 | 129.00 | NOTE | |
| r-patched-linux-x86_64 | 1.1.3 | 12.72 | 106.40 | 119.12 | NOTE | |
| r-release-linux-x86_64 | 1.1.3 | 14.09 | 105.64 | 119.73 | NOTE | |
| r-release-macos-arm64 | 1.1.3 | 6.00 | 42.00 | 48.00 | NOTE | |
| r-release-macos-x86_64 | 1.1.3 | 22.00 | 128.00 | 150.00 | NOTE | |
| r-release-windows-x86_64 | 1.1.3 | 16.00 | 111.00 | 127.00 | NOTE | |
| r-oldrel-macos-arm64 | 1.1.3 | 5.00 | 37.00 | 42.00 | NOTE | |
| r-oldrel-macos-x86_64 | 1.1.3 | 17.00 | 118.00 | 135.00 | NOTE | |
| r-oldrel-windows-x86_64 | 1.1.3 | 21.00 | 152.00 | 173.00 | NOTE | 
Version: 1.1.3
Check: CRAN incoming feasibility
Result: NOTE
  Maintainer: ‘Krzysztof Bartoszek <krzbar@protonmail.ch>’
  
  No Authors@R field in DESCRIPTION.
  Please add one, modifying
    Authors@R: c(person(given = "Krzysztof",
                        family = "Bartoszek",
                        role = c("aut", "cre"),
                        email = "krzbar@protonmail.ch"),
                 person(given = "Pietro",
                        family = "Lio'",
                        role = "aut"))
  as necessary.
  
  Package CITATION file contains call(s) to old-style personList() or
  as.personList().  Please use c() on person objects instead.
  Package CITATION file contains call(s) to old-style citEntry().  Please
  use bibentry() instead.
Flavors: r-devel-linux-x86_64-debian-clang, r-devel-linux-x86_64-debian-gcc
Version: 1.1.3
Check: Rd files
Result: NOTE
  checkRd: (-1) PCM_ABC.Rd:106: Lost braces in \itemize; meant \describe ?
  checkRd: (-1) PCM_ABC.Rd:108-109: Lost braces in \itemize; meant \describe ?
  checkRd: (-1) PCM_ABC.Rd:114: Lost braces in \itemize; meant \describe ?
  checkRd: (-1) PCM_ABC.Rd:115: Lost braces in \itemize; meant \describe ?
  checkRd: (-1) PCM_ABC.Rd:117: Lost braces in \itemize; meant \describe ?
  checkRd: (-1) PCM_ABC.Rd:205-207: Lost braces in \itemize; meant \describe ?
  checkRd: (-1) PCM_ABC.Rd:208-211: Lost braces in \itemize; meant \describe ?
  checkRd: (-1) PCM_ABC.Rd:212-216: Lost braces in \itemize; meant \describe ?
  checkRd: (-1) PCM_ABC.Rd:221-224: Lost braces in \itemize; meant \describe ?
  checkRd: (-1) PCM_ABC.Rd:225-228: Lost braces in \itemize; meant \describe ?
  checkRd: (-1) PCM_ABC.Rd:229-231: Lost braces in \itemize; meant \describe ?
  checkRd: (-1) PCM_ABC.Rd:232: Lost braces in \itemize; meant \describe ?
  checkRd: (-1) PCM_ABC.Rd:233: Lost braces in \itemize; meant \describe ?
  checkRd: (-1) PCM_ABC.Rd:234: Lost braces in \itemize; meant \describe ?
  checkRd: (-1) PCM_ABC.Rd:235: Lost braces in \itemize; meant \describe ?
  checkRd: (-1) PCM_ABC.Rd:236: Lost braces in \itemize; meant \describe ?
  checkRd: (-1) PCM_ABC.Rd:237: Lost braces in \itemize; meant \describe ?
  checkRd: (-1) PCM_ABC.Rd:238: Lost braces in \itemize; meant \describe ?
  checkRd: (-1) PCM_ABC.Rd:239: Lost braces in \itemize; meant \describe ?
  checkRd: (-1) PCM_ABC.Rd:240: Lost braces in \itemize; meant \describe ?
  checkRd: (-1) simulate_phylproc.Rd:56: Lost braces in \itemize; meant \describe ?
  checkRd: (-1) simulate_phylproc.Rd:58-59: Lost braces in \itemize; meant \describe ?
  checkRd: (-1) simulate_phylproc.Rd:64: Lost braces in \itemize; meant \describe ?
  checkRd: (-1) simulate_phylproc.Rd:65: Lost braces in \itemize; meant \describe ?
  checkRd: (-1) simulate_phylproc.Rd:67: Lost braces in \itemize; meant \describe ?
Flavors: r-devel-linux-x86_64-debian-clang, r-devel-linux-x86_64-debian-gcc, r-devel-linux-x86_64-fedora-clang, r-devel-linux-x86_64-fedora-gcc, r-devel-windows-x86_64, r-patched-linux-x86_64, r-release-linux-x86_64, r-release-macos-arm64, r-release-macos-x86_64, r-release-windows-x86_64, r-oldrel-macos-arm64, r-oldrel-macos-x86_64, r-oldrel-windows-x86_64