Last updated on 2025-11-24 09:50:41 CET.
| Flavor | Version | Tinstall | Tcheck | Ttotal | Status | Flags |
|---|---|---|---|---|---|---|
| r-devel-linux-x86_64-debian-clang | 0.1.8 | 10.01 | 310.10 | 320.11 | NOTE | |
| r-devel-linux-x86_64-debian-gcc | 0.1.8 | 7.88 | 187.52 | 195.40 | NOTE | |
| r-devel-linux-x86_64-fedora-clang | 0.1.8 | 26.00 | 482.00 | 508.00 | OK | |
| r-devel-linux-x86_64-fedora-gcc | 0.1.8 | 27.00 | 454.90 | 481.90 | OK | |
| r-devel-windows-x86_64 | 0.1.8 | 15.00 | 304.00 | 319.00 | NOTE | |
| r-patched-linux-x86_64 | 0.1.8 | 12.83 | 296.99 | 309.82 | NOTE | |
| r-release-linux-x86_64 | 0.1.8 | 10.04 | 295.56 | 305.60 | NOTE | |
| r-release-macos-arm64 | 0.1.8 | OK | ||||
| r-release-macos-x86_64 | 0.1.8 | 11.00 | 272.00 | 283.00 | OK | |
| r-release-windows-x86_64 | 0.1.8 | 14.00 | 324.00 | 338.00 | NOTE | |
| r-oldrel-macos-arm64 | 0.1.8 | OK | ||||
| r-oldrel-macos-x86_64 | 0.1.8 | 8.00 | 192.00 | 200.00 | OK | |
| r-oldrel-windows-x86_64 | 0.1.8 | 19.00 | 384.00 | 403.00 | OK |
Version: 0.1.8
Check: Rd cross-references
Result: NOTE
Found the following Rd file(s) with Rd \link{} targets missing package
anchors:
perProb.Rd: pMvdc
Please provide package anchors for all Rd \link{} targets not in the
package itself and the base packages.
Flavors: r-devel-linux-x86_64-debian-clang, r-devel-linux-x86_64-debian-gcc, r-devel-windows-x86_64, r-patched-linux-x86_64, r-release-linux-x86_64, r-release-windows-x86_64