Last updated on 2025-10-21 09:48:40 CEST.
Flavor | Version | Tinstall | Tcheck | Ttotal | Status | Flags |
---|---|---|---|---|---|---|
r-devel-linux-x86_64-debian-clang | 0.2.0 | 58.80 | 191.43 | 250.23 | OK | |
r-devel-linux-x86_64-debian-gcc | 0.2.0 | 43.49 | 126.92 | 170.41 | NOTE | |
r-devel-linux-x86_64-fedora-clang | 0.2.0 | 426.12 | OK | |||
r-devel-linux-x86_64-fedora-gcc | 0.2.0 | 391.07 | OK | |||
r-devel-windows-x86_64 | 0.2.0 | 54.00 | 225.00 | 279.00 | OK | |
r-patched-linux-x86_64 | 0.2.0 | 60.10 | 180.57 | 240.67 | OK | |
r-release-linux-x86_64 | 0.2.0 | 56.77 | 179.03 | 235.80 | OK | |
r-release-macos-arm64 | 0.2.0 | 114.00 | OK | |||
r-release-macos-x86_64 | 0.2.0 | 224.00 | OK | |||
r-release-windows-x86_64 | 0.2.0 | 56.00 | 217.00 | 273.00 | OK | |
r-oldrel-macos-arm64 | 0.2.0 | 116.00 | NOTE | |||
r-oldrel-macos-x86_64 | 0.2.0 | 221.00 | NOTE | |||
r-oldrel-windows-x86_64 | 0.2.0 | 66.00 | 294.00 | 360.00 | OK |
Version: 0.2.0
Check: HTML version of manual
Result: NOTE
Found the following HTML validation problems:
rmd_chunk.html:73:1 (rmd_chunk.Rd:27): Warning: missing </ul> before </div>
rmd_code_block.html:73:1 (rmd_code_block.Rd:27): Warning: missing </ul> before </div>
rmd_code_block_literal.html:63:1 (rmd_code_block_literal.Rd:21): Warning: missing </ul> before </div>
rmd_fenced_div_open.html:58:1 (rmd_fenced_div_open.Rd:18): Warning: missing </ul> before </div>
rmd_heading.html:50:1 (rmd_heading.Rd:12): Warning: missing </ul> before </div>
rmd_inline_code.html:68:1 (rmd_inline_code.Rd:24): Warning: missing </ul> before </div>
rmd_markdown.html:46:1 (rmd_markdown.Rd:10): Warning: missing </ul> before </div>
rmd_raw_chunk.html:63:1 (rmd_raw_chunk.Rd:21): Warning: missing </ul> before </div>
rmd_shortcode.html:63:1 (rmd_shortcode.Rd:21): Warning: missing </ul> before </div>
rmd_span.html:63:1 (rmd_span.Rd:21): Warning: missing </ul> before </div>
Flavor: r-devel-linux-x86_64-debian-gcc
Version: 0.2.0
Check: installed package size
Result: NOTE
installed size is 27.8Mb
sub-directories of 1Mb or more:
libs 27.1Mb
Flavors: r-oldrel-macos-arm64, r-oldrel-macos-x86_64