Last updated on 2025-11-14 10:50:03 CET.
| Flavor | Version | Tinstall | Tcheck | Ttotal | Status | Flags |
|---|---|---|---|---|---|---|
| r-devel-linux-x86_64-debian-clang | 0.7.8 | 18.68 | 266.22 | 284.90 | NOTE | |
| r-devel-linux-x86_64-debian-gcc | 0.7.8 | 12.08 | 180.39 | 192.47 | NOTE | |
| r-devel-linux-x86_64-fedora-clang | 0.7.8 | 103.00 | 370.38 | 473.38 | OK | |
| r-devel-linux-x86_64-fedora-gcc | 0.7.8 | 92.00 | 374.42 | 466.42 | OK | |
| r-devel-windows-x86_64 | 0.7.8 | 19.00 | 249.00 | 268.00 | OK | |
| r-patched-linux-x86_64 | 0.7.8 | 17.27 | 251.70 | 268.97 | OK | |
| r-release-linux-x86_64 | 0.7.8 | 15.91 | 252.35 | 268.26 | OK | |
| r-release-macos-arm64 | 0.7.8 | 8.00 | 107.00 | 115.00 | OK | |
| r-release-macos-x86_64 | 0.7.8 | 15.00 | 222.00 | 237.00 | OK | |
| r-release-windows-x86_64 | 0.7.8 | 18.00 | 244.00 | 262.00 | OK | |
| r-oldrel-macos-arm64 | 0.7.8 | 6.00 | 90.00 | 96.00 | OK | |
| r-oldrel-macos-x86_64 | 0.7.8 | 10.00 | 154.00 | 164.00 | OK | |
| r-oldrel-windows-x86_64 | 0.7.8 | 25.00 | 327.00 | 352.00 | OK |
Version: 0.7.8
Check: CRAN incoming feasibility
Result: NOTE
Maintainer: ‘Jacob A. Long <jacob.long@sc.edu>’
The BugReports field in DESCRIPTION has
https://github.com/jacob-long/panelr
which should likely be
https://github.com/jacob-long/panelr/issues
instead.
Flavors: r-devel-linux-x86_64-debian-clang, r-devel-linux-x86_64-debian-gcc