Last updated on 2025-11-12 10:52:51 CET.
| Flavor | Version | Tinstall | Tcheck | Ttotal | Status | Flags |
|---|---|---|---|---|---|---|
| r-devel-linux-x86_64-debian-clang | 1.0.0 | 4.57 | 35.07 | 39.64 | OK | |
| r-devel-linux-x86_64-debian-gcc | 1.0.0 | 3.26 | 26.29 | 29.55 | OK | |
| r-devel-linux-x86_64-fedora-clang | 1.0.0 | 10.00 | 48.33 | 58.33 | NOTE | |
| r-devel-linux-x86_64-fedora-gcc | 1.0.0 | 11.00 | 47.74 | 58.74 | NOTE | |
| r-devel-windows-x86_64 | 1.0.0 | 7.00 | 56.00 | 63.00 | OK | |
| r-patched-linux-x86_64 | 1.0.0 | 5.21 | 33.43 | 38.64 | OK | |
| r-release-linux-x86_64 | 1.0.0 | 4.26 | 32.95 | 37.21 | OK | |
| r-release-macos-arm64 | 1.0.0 | 3.00 | 20.00 | 23.00 | OK | |
| r-release-macos-x86_64 | 1.0.0 | 5.00 | 32.00 | 37.00 | OK | |
| r-release-windows-x86_64 | 1.0.0 | 6.00 | 55.00 | 61.00 | OK | |
| r-oldrel-macos-arm64 | 1.0.0 | 3.00 | 19.00 | 22.00 | OK | |
| r-oldrel-macos-x86_64 | 1.0.0 | 4.00 | 26.00 | 30.00 | OK | |
| r-oldrel-windows-x86_64 | 1.0.0 | 8.00 | 65.00 | 73.00 | OK |
Version: 1.0.0
Check: dependencies in R code
Result: NOTE
Namespaces in Imports field not imported from:
‘Rdpack’ ‘astsa’
All declared Imports should be used.
Flavors: r-devel-linux-x86_64-fedora-clang, r-devel-linux-x86_64-fedora-gcc