Last updated on 2025-10-31 09:50:25 CET.
| Flavor | Version | Tinstall | Tcheck | Ttotal | Status | Flags | 
|---|---|---|---|---|---|---|
| r-devel-linux-x86_64-debian-clang | 0.11.4 | 16.94 | 108.69 | 125.63 | NOTE | |
| r-devel-linux-x86_64-debian-gcc | 0.11.4 | 10.74 | 70.16 | 80.90 | NOTE | |
| r-devel-linux-x86_64-fedora-clang | 0.11.4 | 36.00 | 153.31 | 189.31 | OK | |
| r-devel-linux-x86_64-fedora-gcc | 0.11.4 | 32.00 | 149.81 | 181.81 | OK | |
| r-devel-windows-x86_64 | 0.11.4 | 18.00 | 136.00 | 154.00 | OK | |
| r-patched-linux-x86_64 | 0.11.4 | 19.80 | 101.81 | 121.61 | OK | |
| r-release-linux-x86_64 | 0.11.4 | 15.48 | 102.27 | 117.75 | OK | |
| r-release-macos-arm64 | 0.11.4 | 6.00 | 44.00 | 50.00 | OK | |
| r-release-macos-x86_64 | 0.11.4 | 14.00 | 93.00 | 107.00 | OK | |
| r-release-windows-x86_64 | 0.11.4 | 22.00 | 135.00 | 157.00 | OK | |
| r-oldrel-macos-arm64 | 0.11.4 | 6.00 | 44.00 | 50.00 | NOTE | |
| r-oldrel-macos-x86_64 | 0.11.4 | 19.00 | 67.00 | 86.00 | NOTE | |
| r-oldrel-windows-x86_64 | 0.11.4 | 25.00 | 169.00 | 194.00 | NOTE | 
Version: 0.11.4
Check: CRAN incoming feasibility
Result: NOTE
  Maintainer: ‘Brandon Whitcher <bwhitcher@gmail.com>’
  
  Package CITATION file contains call(s) to old-style personList() or
  as.personList().  Please use c() on person objects instead.
  Package CITATION file contains call(s) to old-style citEntry().  Please
  use bibentry() instead.
Flavors: r-devel-linux-x86_64-debian-clang, r-devel-linux-x86_64-debian-gcc
Version: 0.11.4
Check: installed package size
Result: NOTE
    installed size is  6.6Mb
    sub-directories of 1Mb or more:
      R       1.0Mb
      nifti   3.8Mb
Flavors: r-oldrel-macos-arm64, r-oldrel-macos-x86_64, r-oldrel-windows-x86_64