CRAN Package Check Results for Package optim.functions

Last updated on 2025-07-25 10:50:48 CEST.

Flavor Version Tinstall Tcheck Ttotal Status Flags
r-devel-linux-x86_64-debian-clang 0.1 2.21 19.82 22.03 OK
r-devel-linux-x86_64-debian-gcc 0.1 1.78 16.78 18.56 OK
r-devel-linux-x86_64-fedora-clang 0.1 34.07 OK
r-devel-linux-x86_64-fedora-gcc 0.1 32.73 OK
r-devel-windows-x86_64 0.1 3.00 53.00 56.00 OK
r-patched-linux-x86_64 0.1 2.28 18.49 20.77 OK
r-release-linux-x86_64 0.1 2.26 18.52 20.78 OK
r-release-macos-arm64 0.1 19.00 OK
r-release-macos-x86_64 0.1 27.00 OK
r-release-windows-x86_64 0.1 4.00 47.00 51.00 OK
r-oldrel-macos-arm64 0.1 18.00 NOTE
r-oldrel-macos-x86_64 0.1 23.00 NOTE
r-oldrel-windows-x86_64 0.1 5.00 48.00 53.00 NOTE

Check Details

Version: 0.1
Check: LazyData
Result: NOTE 'LazyData' is specified without a 'data' directory Flavors: r-oldrel-macos-arm64, r-oldrel-macos-x86_64, r-oldrel-windows-x86_64