Last updated on 2025-10-31 09:50:25 CET.
| Flavor | Version | Tinstall | Tcheck | Ttotal | Status | Flags | 
|---|---|---|---|---|---|---|
| r-devel-linux-x86_64-debian-clang | 0.9.2.1 | 2.26 | 30.46 | 32.72 | NOTE | |
| r-devel-linux-x86_64-debian-gcc | 0.9.2.1 | 1.70 | 24.82 | 26.52 | NOTE | |
| r-devel-linux-x86_64-fedora-clang | 0.9.2.1 | 49.69 | NOTE | |||
| r-devel-linux-x86_64-fedora-gcc | 0.9.2.1 | 61.75 | NOTE | |||
| r-devel-windows-x86_64 | 0.9.2.1 | 3.00 | 51.00 | 54.00 | NOTE | |
| r-patched-linux-x86_64 | 0.9.2.1 | 2.49 | 28.47 | 30.96 | NOTE | |
| r-release-linux-x86_64 | 0.9.2.1 | 2.17 | 28.59 | 30.76 | NOTE | |
| r-release-macos-arm64 | 0.9.2.1 | 1.00 | 33.00 | 34.00 | NOTE | |
| r-release-macos-x86_64 | 0.9.2.1 | 2.00 | 44.00 | 46.00 | NOTE | |
| r-release-windows-x86_64 | 0.9.2.1 | 4.00 | 53.00 | 57.00 | NOTE | |
| r-oldrel-macos-arm64 | 0.9.2.1 | 1.00 | 25.00 | 26.00 | NOTE | |
| r-oldrel-macos-x86_64 | 0.9.2.1 | 2.00 | 31.00 | 33.00 | NOTE | |
| r-oldrel-windows-x86_64 | 0.9.2.1 | 3.00 | 61.00 | 64.00 | NOTE | 
Version: 0.9.2.1
Check: Rd files
Result: NOTE
  checkRd: (-1) gnu_style.Rd:24: Lost braces
      24 | [GNU Command Line Standards]{http://www.gnu.org/prep/standards/standards.html}
         |                             ^
Flavors: r-devel-linux-x86_64-debian-clang, r-devel-linux-x86_64-debian-gcc, r-devel-linux-x86_64-fedora-clang, r-devel-linux-x86_64-fedora-gcc, r-devel-windows-x86_64, r-patched-linux-x86_64, r-release-linux-x86_64, r-release-macos-arm64, r-release-macos-x86_64, r-release-windows-x86_64, r-oldrel-macos-arm64, r-oldrel-macos-x86_64, r-oldrel-windows-x86_64