Last updated on 2025-11-02 11:50:29 CET.
| Flavor | Version | Tinstall | Tcheck | Ttotal | Status | Flags |
|---|---|---|---|---|---|---|
| r-devel-linux-x86_64-debian-clang | 1.0.2 | 2.52 | 82.08 | 84.60 | OK | |
| r-devel-linux-x86_64-debian-gcc | 1.0.2 | 2.36 | 55.35 | 57.71 | OK | |
| r-devel-linux-x86_64-fedora-clang | 1.0.2 | 135.67 | OK | |||
| r-devel-linux-x86_64-fedora-gcc | 1.0.2 | 150.76 | OK | |||
| r-devel-windows-x86_64 | 1.0.2 | 4.00 | 86.00 | 90.00 | OK | |
| r-patched-linux-x86_64 | 1.0.2 | 2.94 | 77.11 | 80.05 | OK | |
| r-release-linux-x86_64 | 1.0.2 | 3.04 | 76.26 | 79.30 | OK | |
| r-release-macos-arm64 | 1.0.2 | 2.00 | 40.00 | 42.00 | OK | |
| r-release-macos-x86_64 | 1.0.2 | 3.00 | 73.00 | 76.00 | OK | |
| r-release-windows-x86_64 | 1.0.2 | 4.00 | 84.00 | 88.00 | OK | |
| r-oldrel-macos-arm64 | 1.0.2 | 1.00 | 41.00 | 42.00 | NOTE | |
| r-oldrel-macos-x86_64 | 1.0.2 | 3.00 | 60.00 | 63.00 | NOTE | |
| r-oldrel-windows-x86_64 | 1.0.2 | 7.00 | 111.00 | 118.00 | NOTE |
Version: 1.0.2
Check: installed package size
Result: NOTE
installed size is 5.7Mb
sub-directories of 1Mb or more:
doc 5.5Mb
Flavors: r-oldrel-macos-arm64, r-oldrel-macos-x86_64, r-oldrel-windows-x86_64