CRAN Package Check Results for Package ngramrr

Last updated on 2025-11-02 11:50:29 CET.

Flavor Version Tinstall Tcheck Ttotal Status Flags
r-devel-linux-x86_64-debian-clang 0.2.0 2.92 30.99 33.91 NOTE
r-devel-linux-x86_64-debian-gcc 0.2.0 2.06 24.87 26.93 NOTE
r-devel-linux-x86_64-fedora-clang 0.2.0 50.65 OK
r-devel-linux-x86_64-fedora-gcc 0.2.0 48.38 OK
r-devel-windows-x86_64 0.2.0 4.00 56.00 60.00 OK
r-patched-linux-x86_64 0.2.0 2.74 30.03 32.77 OK
r-release-linux-x86_64 0.2.0 2.52 29.64 32.16 OK
r-release-macos-arm64 0.2.0 2.00 22.00 24.00 OK
r-release-macos-x86_64 0.2.0 3.00 32.00 35.00 OK
r-release-windows-x86_64 0.2.0 4.00 55.00 59.00 OK
r-oldrel-macos-arm64 0.2.0 2.00 19.00 21.00 NOTE
r-oldrel-macos-x86_64 0.2.0 2.00 27.00 29.00 NOTE
r-oldrel-windows-x86_64 0.2.0 6.00 59.00 65.00 NOTE

Check Details

Version: 0.2.0
Check: CRAN incoming feasibility
Result: NOTE Maintainer: ‘Chung-hong Chan <chainsawtiney@gmail.com>’ No Authors@R field in DESCRIPTION. Please add one, modifying Authors@R: person(given = "Chung-hong", family = "Chan", role = c("aut", "cre"), email = "chainsawtiney@gmail.com") as necessary. Flavors: r-devel-linux-x86_64-debian-clang, r-devel-linux-x86_64-debian-gcc

Version: 0.2.0
Check: LazyData
Result: NOTE 'LazyData' is specified without a 'data' directory Flavors: r-oldrel-macos-arm64, r-oldrel-macos-x86_64, r-oldrel-windows-x86_64