Last updated on 2025-11-22 09:50:00 CET.
| Flavor | Version | Tinstall | Tcheck | Ttotal | Status | Flags |
|---|---|---|---|---|---|---|
| r-devel-linux-x86_64-debian-clang | 4.0.6 | 56.66 | 231.64 | 288.30 | OK | |
| r-devel-linux-x86_64-debian-gcc | 4.0.6 | 42.54 | 169.54 | 212.08 | OK | |
| r-devel-linux-x86_64-fedora-clang | 4.0.6 | 110.00 | 355.57 | 465.57 | OK | |
| r-devel-linux-x86_64-fedora-gcc | 4.0.6 | 139.00 | 325.77 | 464.77 | OK | |
| r-devel-windows-x86_64 | 4.0.6 | 72.00 | 227.00 | 299.00 | OK | |
| r-patched-linux-x86_64 | 4.0.6 | 59.70 | 225.08 | 284.78 | OK | |
| r-release-linux-x86_64 | 4.0.6 | 59.57 | 226.77 | 286.34 | OK | |
| r-release-macos-arm64 | 4.0.6 | 4.00 | ERROR | |||
| r-release-macos-x86_64 | 4.0.6 | 53.00 | 160.00 | 213.00 | OK | |
| r-release-windows-x86_64 | 4.0.6 | 63.00 | 228.00 | 291.00 | OK | |
| r-oldrel-macos-arm64 | 4.0.6 | NOTE | ||||
| r-oldrel-macos-x86_64 | 4.0.6 | 48.00 | 192.00 | 240.00 | NOTE | |
| r-oldrel-windows-x86_64 | 4.0.6 | 78.00 | 289.00 | 367.00 | OK |
Version: 4.0.6
Check: package dependencies
Result: ERROR
Packages required but not available: 'graphite', 'RCy3'
See section ‘The DESCRIPTION file’ in the ‘Writing R Extensions’
manual.
Flavor: r-release-macos-arm64
Version: 4.0.6
Check: installed package size
Result: NOTE
installed size is 21.2Mb
sub-directories of 1Mb or more:
doc 2.8Mb
libs 17.5Mb
Flavors: r-oldrel-macos-arm64, r-oldrel-macos-x86_64