Last updated on 2025-10-25 09:49:37 CEST.
| Flavor | Version | Tinstall | Tcheck | Ttotal | Status | Flags |
|---|---|---|---|---|---|---|
| r-devel-linux-x86_64-debian-clang | 0.0.1 | 61.71 | 175.63 | 237.34 | OK | |
| r-devel-linux-x86_64-debian-gcc | 0.0.1 | 40.09 | 123.30 | 163.39 | OK | |
| r-devel-linux-x86_64-fedora-clang | 0.0.1 | 252.00 | 152.26 | 404.26 | OK | |
| r-devel-linux-x86_64-fedora-gcc | 0.0.1 | 86.00 | 294.52 | 380.52 | OK | |
| r-devel-windows-x86_64 | 0.0.1 | 72.00 | 196.00 | 268.00 | OK | |
| r-patched-linux-x86_64 | 0.0.1 | 60.73 | 171.50 | 232.23 | OK | |
| r-release-linux-x86_64 | 0.0.1 | 59.06 | 170.66 | 229.72 | OK | |
| r-release-macos-arm64 | 0.0.1 | 32.00 | 106.00 | 138.00 | OK | |
| r-release-macos-x86_64 | 0.0.1 | 42.00 | 179.00 | 221.00 | OK | |
| r-release-windows-x86_64 | 0.0.1 | 74.00 | 191.00 | 265.00 | OK | |
| r-oldrel-macos-arm64 | 0.0.1 | 28.00 | 79.00 | 107.00 | NOTE | |
| r-oldrel-macos-x86_64 | 0.0.1 | 28.00 | 118.00 | 146.00 | NOTE | |
| r-oldrel-windows-x86_64 | 0.0.1 | 88.00 | 254.00 | 342.00 | NOTE |
Version: 0.0.1
Check: installed package size
Result: NOTE
installed size is 13.9Mb
sub-directories of 1Mb or more:
data 2.1Mb
doc 6.5Mb
libs 4.8Mb
Flavors: r-oldrel-macos-arm64, r-oldrel-macos-x86_64, r-oldrel-windows-x86_64
Version: 0.0.1
Check: for GNU extensions in Makefiles
Result: NOTE
GNU make is a SystemRequirements.
Flavors: r-oldrel-macos-arm64, r-oldrel-macos-x86_64, r-oldrel-windows-x86_64