Last updated on 2025-11-23 12:49:56 CET.
| Flavor | Version | Tinstall | Tcheck | Ttotal | Status | Flags |
|---|---|---|---|---|---|---|
| r-devel-linux-x86_64-debian-clang | 0.3.12 | 49.39 | 71.36 | 120.75 | OK | |
| r-devel-linux-x86_64-debian-gcc | 0.3.12 | 38.52 | 50.99 | 89.51 | OK | |
| r-devel-linux-x86_64-fedora-clang | 0.3.12 | 91.00 | 105.74 | 196.74 | OK | |
| r-devel-linux-x86_64-fedora-gcc | 0.3.12 | 83.00 | 131.45 | 214.45 | OK | |
| r-devel-windows-x86_64 | 0.3.12 | 70.00 | 108.00 | 178.00 | OK | |
| r-patched-linux-x86_64 | 0.3.12 | 57.40 | 65.77 | 123.17 | OK | |
| r-release-linux-x86_64 | 0.3.12 | 55.79 | 65.47 | 121.26 | OK | |
| r-release-macos-arm64 | 0.3.12 | OK | ||||
| r-release-macos-x86_64 | 0.3.12 | 21.00 | 71.00 | 92.00 | OK | |
| r-release-windows-x86_64 | 0.3.12 | 63.00 | 111.00 | 174.00 | OK | |
| r-oldrel-macos-arm64 | 0.3.12 | NOTE | ||||
| r-oldrel-macos-x86_64 | 0.3.12 | 22.00 | 75.00 | 97.00 | OK | |
| r-oldrel-windows-x86_64 | 0.3.12 | 71.00 | 131.00 | 202.00 | OK |
Version: 0.3.12
Check: installed package size
Result: NOTE
installed size is 5.2Mb
sub-directories of 1Mb or more:
libs 4.2Mb
Flavor: r-oldrel-macos-arm64