Last updated on 2025-10-22 09:50:41 CEST.
Flavor | Version | Tinstall | Tcheck | Ttotal | Status | Flags |
---|---|---|---|---|---|---|
r-devel-linux-x86_64-debian-clang | 1.9.0 | 25.54 | 108.39 | 133.93 | NOTE | |
r-devel-linux-x86_64-debian-gcc | 1.9.0 | 15.70 | 76.88 | 92.58 | NOTE | |
r-devel-linux-x86_64-fedora-clang | 1.9.0 | 117.00 | 110.25 | 227.25 | OK | |
r-devel-linux-x86_64-fedora-gcc | 1.9.0 | 53.00 | 162.82 | 215.82 | OK | |
r-devel-windows-x86_64 | 1.9.0 | 30.00 | 140.00 | 170.00 | OK | |
r-patched-linux-x86_64 | 1.9.0 | 25.29 | 101.45 | 126.74 | OK | |
r-release-linux-x86_64 | 1.9.0 | 22.84 | 104.73 | 127.57 | OK | |
r-release-macos-arm64 | 1.9.0 | 13.00 | 63.00 | 76.00 | OK | |
r-release-macos-x86_64 | 1.9.0 | 21.00 | 119.00 | 140.00 | OK | |
r-release-windows-x86_64 | 1.9.0 | 30.00 | 137.00 | 167.00 | OK | |
r-oldrel-macos-arm64 | 1.9.0 | 11.00 | 52.00 | 63.00 | OK | |
r-oldrel-macos-x86_64 | 1.9.0 | 15.00 | 81.00 | 96.00 | OK | |
r-oldrel-windows-x86_64 | 1.9.0 | 38.00 | 170.00 | 208.00 | OK |
Version: 1.9.0
Check: top-level files
Result: NOTE
Found the following validation problem for the NEWS.Rd HTML conversion:
NEWS.html:74:1 (inst/NEWS.Rd:27): Warning: <h4> anchor "NEW-FEATURES" already defined
NEWS.html:88:1 (inst/NEWS.Rd:33): Warning: <h4> anchor "MINOR-CHANGES" already defined
NEWS.html:109:1 (inst/NEWS.Rd:44): Warning: <h4> anchor "NEW-FEATURES" already defined
NEWS.html:123:1 (inst/NEWS.Rd:50): Warning: <h4> anchor "MAJOR-CHANGES" already defined
NEWS.html:138:1 (inst/NEWS.Rd:57): Warning: <h4> anchor "MINOR-CHANGES" already defined
NEWS.html:165:1 (inst/NEWS.Rd:70): Warning: <h4> anchor "MINOR-CHANGES" already defined
NEWS.html:192:1 (inst/NEWS.Rd:83): Warning: <h4> anchor "MINOR-CHANGES" already defined
NEWS.html:207:1 (inst/NEWS.Rd:92): Warning: <h4> anchor "MAJOR-CHANGES" already defined
NEWS.html:218:1 (inst/NEWS.Rd:97): Warning: <h4> anchor "MINOR-CHANGES" already defined
NEWS.html:233:1 (inst/NEWS.Rd:106): Warning: <h4> anchor "MAJOR-CHANGES" already defined
NEWS.html:249:1 (inst/NEWS.Rd:114): Warning: <h4> anchor "MINOR-CHANGES" already defined
NEWS.html:267:1 (inst/NEWS.Rd:124): Warning: <h4> anchor "MINOR-CHANGES" already defined
NEWS.html:291:1 (inst/NEWS.Rd:136): Warning: <h4> anchor "MAJOR-CHANGES" already defined
NEWS.html:308:1 (inst/NEWS.Rd:143): Warning: <h4> anchor "MINOR-CHANGES" already defined
NEWS.html:326:1 (inst/NEWS.Rd:153): Warning: <h4> anchor "MINOR-CHANGES" already defined
NEWS.html:341:1 (inst/NEWS.Rd:162): Warning: <h4> anchor "NEW-FEATURES" already defined
NEWS.html:352:1 (inst/NEWS.Rd:167): Warning: <h4> anchor "MAJOR-CHANGES" already defined
NEWS.html:366:1 (inst/NEWS.Rd:173): Warning: <h4> anchor "MINOR-CHANGES" already defined
NEWS.html:387:1 (inst/NEWS.Rd:184): Warning: <h4> anchor "MAJOR-CHANGES" already defined
NEWS.html:401:1 (inst/NEWS.Rd:190): Warning: <h4> anchor "MINOR-CHANGES" already defined
Flavors: r-devel-linux-x86_64-debian-clang, r-devel-linux-x86_64-debian-gcc