CRAN Package Check Results for Package mueRelativeRisk

Last updated on 2025-11-15 11:50:50 CET.

Flavor Version Tinstall Tcheck Ttotal Status Flags
r-devel-linux-x86_64-debian-clang 0.1.1 1.49 23.32 24.81 OK
r-devel-linux-x86_64-debian-gcc 0.1.1 1.34 19.43 20.77 OK
r-devel-linux-x86_64-fedora-clang 0.1.1 38.94 OK
r-devel-linux-x86_64-fedora-gcc 0.1.1 50.71 OK
r-devel-windows-x86_64 0.1.1 4.00 47.00 51.00 OK
r-patched-linux-x86_64 0.1.1 1.59 22.51 24.10 OK
r-release-linux-x86_64 0.1.1 1.55 22.43 23.98 OK
r-release-macos-arm64 0.1.1 1.00 25.00 26.00 OK
r-release-macos-x86_64 0.1.1 2.00 57.00 59.00 OK
r-release-windows-x86_64 0.1.1 2.00 46.00 48.00 OK
r-oldrel-macos-arm64 0.1.1 1.00 20.00 21.00 NOTE
r-oldrel-macos-x86_64 0.1.1 1.00 35.00 36.00 NOTE
r-oldrel-windows-x86_64 0.1.1 3.00 52.00 55.00 NOTE

Check Details

Version: 0.1.1
Check: LazyData
Result: NOTE 'LazyData' is specified without a 'data' directory Flavors: r-oldrel-macos-arm64, r-oldrel-macos-x86_64, r-oldrel-windows-x86_64