CRAN Package Check Results for Package msgr

Last updated on 2025-11-11 10:50:07 CET.

Flavor Version Tinstall Tcheck Ttotal Status Flags
r-devel-linux-x86_64-debian-clang 1.1.2 3.39 33.91 37.30 OK
r-devel-linux-x86_64-debian-gcc 1.1.2 2.29 26.52 28.81 OK
r-devel-linux-x86_64-fedora-clang 1.1.2 53.67 OK
r-devel-linux-x86_64-fedora-gcc 1.1.2 50.82 OK
r-devel-windows-x86_64 1.1.2 5.00 51.00 56.00 OK
r-patched-linux-x86_64 1.1.2 3.41 31.15 34.56 OK
r-release-linux-x86_64 1.1.2 3.30 31.31 34.61 OK
r-release-macos-arm64 1.1.2 2.00 22.00 24.00 OK
r-release-macos-x86_64 1.1.2 3.00 33.00 36.00 OK
r-release-windows-x86_64 1.1.2 4.00 50.00 54.00 OK
r-oldrel-macos-arm64 1.1.2 2.00 18.00 20.00 NOTE
r-oldrel-macos-x86_64 1.1.2 2.00 27.00 29.00 NOTE
r-oldrel-windows-x86_64 1.1.2 6.00 63.00 69.00 NOTE

Check Details

Version: 1.1.2
Check: LazyData
Result: NOTE 'LazyData' is specified without a 'data' directory Flavors: r-oldrel-macos-arm64, r-oldrel-macos-x86_64, r-oldrel-windows-x86_64