Last updated on 2025-10-31 09:50:23 CET.
| Flavor | Version | Tinstall | Tcheck | Ttotal | Status | Flags | 
|---|---|---|---|---|---|---|
| r-devel-linux-x86_64-debian-clang | 1.1.2 | 3.25 | 33.93 | 37.18 | OK | |
| r-devel-linux-x86_64-debian-gcc | 1.1.2 | 2.28 | 25.97 | 28.25 | OK | |
| r-devel-linux-x86_64-fedora-clang | 1.1.2 | 53.67 | OK | |||
| r-devel-linux-x86_64-fedora-gcc | 1.1.2 | 51.37 | OK | |||
| r-devel-windows-x86_64 | 1.1.2 | 5.00 | 52.00 | 57.00 | OK | |
| r-patched-linux-x86_64 | 1.1.2 | 2.66 | 31.12 | 33.78 | OK | |
| r-release-linux-x86_64 | 1.1.2 | 3.13 | 31.14 | 34.27 | OK | |
| r-release-macos-arm64 | 1.1.2 | 2.00 | 22.00 | 24.00 | OK | |
| r-release-macos-x86_64 | 1.1.2 | 3.00 | 33.00 | 36.00 | OK | |
| r-release-windows-x86_64 | 1.1.2 | 5.00 | 53.00 | 58.00 | OK | |
| r-oldrel-macos-arm64 | 1.1.2 | 2.00 | 18.00 | 20.00 | NOTE | |
| r-oldrel-macos-x86_64 | 1.1.2 | 2.00 | 27.00 | 29.00 | NOTE | |
| r-oldrel-windows-x86_64 | 1.1.2 | 6.00 | 59.00 | 65.00 | NOTE | 
Version: 1.1.2
Check: LazyData
Result: NOTE
    'LazyData' is specified without a 'data' directory
Flavors: r-oldrel-macos-arm64, r-oldrel-macos-x86_64, r-oldrel-windows-x86_64