CRAN Package Check Results for Package msgps

Last updated on 2025-11-12 10:52:50 CET.

Flavor Version Tinstall Tcheck Ttotal Status Flags
r-devel-linux-x86_64-debian-clang 1.3.5 4.25 26.05 30.30 NOTE
r-devel-linux-x86_64-debian-gcc 1.3.5 3.29 20.45 23.74 NOTE
r-devel-linux-x86_64-fedora-clang 1.3.5 43.97 OK
r-devel-linux-x86_64-fedora-gcc 1.3.5 10.00 32.87 42.87 OK
r-devel-windows-x86_64 1.3.5 7.00 40.00 47.00 OK
r-patched-linux-x86_64 1.3.5 4.18 24.38 28.56 OK
r-release-linux-x86_64 1.3.5 4.49 24.58 29.07 OK
r-release-macos-arm64 1.3.5 5.00 17.00 22.00 OK
r-release-macos-x86_64 1.3.5 5.00 26.00 31.00 OK
r-release-windows-x86_64 1.3.5 9.00 41.00 50.00 OK
r-oldrel-macos-arm64 1.3.5 3.00 14.00 17.00 OK
r-oldrel-macos-x86_64 1.3.5 4.00 22.00 26.00 OK
r-oldrel-windows-x86_64 1.3.5 8.00 41.00 49.00 OK

Check Details

Version: 1.3.5
Check: CRAN incoming feasibility
Result: NOTE Maintainer: ‘Kei Hirose <mail@keihirose.com>’ No Authors@R field in DESCRIPTION. Please add one, modifying Authors@R: person(given = "Kei", family = "Hirose", role = c("aut", "cre"), email = "mail@keihirose.com") as necessary. Flavors: r-devel-linux-x86_64-debian-clang, r-devel-linux-x86_64-debian-gcc