Last updated on 2025-10-31 09:50:22 CET.
| Flavor | Version | Tinstall | Tcheck | Ttotal | Status | Flags | 
|---|---|---|---|---|---|---|
| r-devel-linux-x86_64-debian-clang | 0.3.5 | 8.00 | 68.08 | 76.08 | NOTE | |
| r-devel-linux-x86_64-debian-gcc | 0.3.5 | 5.13 | 49.16 | 54.29 | NOTE | |
| r-devel-linux-x86_64-fedora-clang | 0.3.5 | 18.00 | 91.84 | 109.84 | NOTE | |
| r-devel-linux-x86_64-fedora-gcc | 0.3.5 | 19.00 | 84.34 | 103.34 | NOTE | |
| r-devel-windows-x86_64 | 0.3.5 | 8.00 | 75.00 | 83.00 | NOTE | |
| r-patched-linux-x86_64 | 0.3.5 | 7.76 | 61.79 | 69.55 | NOTE | |
| r-release-linux-x86_64 | 0.3.5 | 5.73 | 61.97 | 67.70 | NOTE | |
| r-release-macos-arm64 | 0.3.5 | 3.00 | 33.00 | 36.00 | NOTE | |
| r-release-macos-x86_64 | 0.3.5 | 7.00 | 63.00 | 70.00 | NOTE | |
| r-release-windows-x86_64 | 0.3.5 | 8.00 | 75.00 | 83.00 | NOTE | |
| r-oldrel-macos-arm64 | 0.3.5 | 3.00 | 30.00 | 33.00 | NOTE | |
| r-oldrel-macos-x86_64 | 0.3.5 | 5.00 | 48.00 | 53.00 | NOTE | |
| r-oldrel-windows-x86_64 | 0.3.5 | 11.00 | 91.00 | 102.00 | NOTE | 
Version: 0.3.5
Check: CRAN incoming feasibility
Result: NOTE
  Maintainer: ‘Ben Gorman <bgorman@GormAnalysis.com>’
  
  No Authors@R field in DESCRIPTION.
  Please add one, modifying
    Authors@R: person(given = "Ben",
                      family = "Gorman",
                      role = c("aut", "cre"),
                      email = "bgorman@gormanalysis.com")
  as necessary.
Flavors: r-devel-linux-x86_64-debian-clang, r-devel-linux-x86_64-debian-gcc
Version: 0.3.5
Check: Rd files
Result: NOTE
  checkRd: (-1) bin_data.Rd:16: Lost braces in \itemize; meant \describe ?
  checkRd: (-1) bin_data.Rd:17: Lost braces in \itemize; meant \describe ?
  checkRd: (-1) bin_data.Rd:18: Lost braces in \itemize; meant \describe ?
  checkRd: (-1) bin_data.Rd:22: Lost braces in \itemize; meant \describe ?
  checkRd: (-1) bin_data.Rd:23: Lost braces in \itemize; meant \describe ?
  checkRd: (-1) bin_data.Rd:27: Lost braces in \itemize; meant \describe ?
  checkRd: (-1) bin_data.Rd:28: Lost braces in \itemize; meant \describe ?
  checkRd: (-1) bin_data.Rd:29: Lost braces in \itemize; meant \describe ?
  checkRd: (-1) bin_data.Rd:30: Lost braces in \itemize; meant \describe ?
  checkRd: (-1) date_factor.Rd:22: Lost braces; missing escapes or markup?
      22 | Map a vector of dates to a factor at one of these levels {"yearmonth", "yearquarter", "quarter", "month"}
         |                                                          ^
  checkRd: (-1) date_factor.Rd:13: Lost braces; missing escapes or markup?
      13 | \item{type}{One of {"year", "yearquarter", "yearmonth", "quarter", "month"}}
         |                    ^
  checkRd: (-1) mse.Rd:12: Lost braces; missing escapes or markup?
      12 | \item{actuals}{A vector of actuals values in {0, 1}, or {FALSE, TRUE}}
         |                                              ^
  checkRd: (-1) mse.Rd:12: Lost braces; missing escapes or markup?
      12 | \item{actuals}{A vector of actuals values in {0, 1}, or {FALSE, TRUE}}
         |                                                         ^
  checkRd: (-1) msle.Rd:12: Lost braces; missing escapes or markup?
      12 | \item{actuals}{A vector of actuals values in {0, 1}, or {FALSE, TRUE}}
         |                                              ^
  checkRd: (-1) msle.Rd:12: Lost braces; missing escapes or markup?
      12 | \item{actuals}{A vector of actuals values in {0, 1}, or {FALSE, TRUE}}
         |                                                         ^
  checkRd: (-1) rmse.Rd:12: Lost braces; missing escapes or markup?
      12 | \item{actuals}{A vector of actuals values in {0, 1}, or {FALSE, TRUE}}
         |                                              ^
  checkRd: (-1) rmse.Rd:12: Lost braces; missing escapes or markup?
      12 | \item{actuals}{A vector of actuals values in {0, 1}, or {FALSE, TRUE}}
         |                                                         ^
  checkRd: (-1) rmsle.Rd:12: Lost braces; missing escapes or markup?
      12 | \item{actuals}{A vector of actuals values in {0, 1}, or {FALSE, TRUE}}
         |                                              ^
  checkRd: (-1) rmsle.Rd:12: Lost braces; missing escapes or markup?
      12 | \item{actuals}{A vector of actuals values in {0, 1}, or {FALSE, TRUE}}
         |                                                         ^
  checkRd: (-1) sparsify.Rd:36: Lost braces; missing escapes or markup?
      36 |                      Column names are feature_level, e.g. {"color_red", "color_blue"}
         |                                                           ^
Flavors: r-devel-linux-x86_64-debian-clang, r-devel-linux-x86_64-debian-gcc, r-devel-linux-x86_64-fedora-clang, r-devel-linux-x86_64-fedora-gcc, r-devel-windows-x86_64, r-patched-linux-x86_64, r-release-linux-x86_64, r-release-macos-arm64, r-release-macos-x86_64, r-release-windows-x86_64, r-oldrel-macos-arm64, r-oldrel-macos-x86_64, r-oldrel-windows-x86_64