Last updated on 2025-10-27 09:50:39 CET.
| Flavor | Version | Tinstall | Tcheck | Ttotal | Status | Flags |
|---|---|---|---|---|---|---|
| r-devel-linux-x86_64-debian-clang | 0.1.2 | 46.27 | 363.27 | 409.54 | OK | |
| r-devel-linux-x86_64-debian-gcc | 0.1.2 | 31.40 | 196.28 | 227.68 | OK | |
| r-devel-linux-x86_64-fedora-clang | 0.1.2 | 90.00 | 577.75 | 667.75 | OK | |
| r-devel-linux-x86_64-fedora-gcc | 0.1.2 | 107.00 | 487.00 | 594.00 | OK | |
| r-devel-windows-x86_64 | 0.1.2 | 54.00 | 294.00 | 348.00 | OK | |
| r-patched-linux-x86_64 | 0.1.2 | 49.60 | 298.90 | 348.50 | OK | |
| r-release-linux-x86_64 | 0.1.2 | 50.16 | 297.85 | 348.01 | OK | |
| r-release-macos-arm64 | 0.1.2 | 25.00 | 216.00 | 241.00 | OK | |
| r-release-macos-x86_64 | 0.1.2 | 36.00 | 351.00 | 387.00 | OK | |
| r-release-windows-x86_64 | 0.1.2 | 53.00 | 293.00 | 346.00 | OK | |
| r-oldrel-macos-arm64 | 0.1.2 | 18.00 | 171.00 | 189.00 | NOTE | |
| r-oldrel-macos-x86_64 | 0.1.2 | 51.00 | 519.00 | 570.00 | NOTE | |
| r-oldrel-windows-x86_64 | 0.1.2 | 63.00 | 429.00 | 492.00 | OK |
Version: 0.1.2
Check: installed package size
Result: NOTE
installed size is 6.0Mb
sub-directories of 1Mb or more:
libs 5.7Mb
Flavors: r-oldrel-macos-arm64, r-oldrel-macos-x86_64