Last updated on 2025-11-20 11:51:17 CET.
| Flavor | Version | Tinstall | Tcheck | Ttotal | Status | Flags |
|---|---|---|---|---|---|---|
| r-devel-linux-x86_64-debian-clang | 2.5.4 | 27.25 | 315.37 | 342.62 | OK | |
| r-devel-linux-x86_64-debian-gcc | 2.5.4 | 17.97 | 206.55 | 224.52 | OK | |
| r-devel-linux-x86_64-fedora-clang | 2.5.4 | 86.00 | 462.20 | 548.20 | OK | |
| r-devel-linux-x86_64-fedora-gcc | 2.5.4 | 112.00 | 432.70 | 544.70 | OK | |
| r-devel-windows-x86_64 | 2.5.3 | 41.00 | 324.00 | 365.00 | OK | --no-vignettes |
| r-patched-linux-x86_64 | 2.5.4 | 30.26 | 290.78 | 321.04 | OK | |
| r-release-linux-x86_64 | 2.5.3 | 25.00 | 272.99 | 297.99 | OK | |
| r-release-macos-arm64 | 2.5.3 | 11.00 | 58.00 | 69.00 | OK | |
| r-release-macos-x86_64 | 2.5.4 | 27.00 | 311.00 | 338.00 | OK | |
| r-release-windows-x86_64 | 2.5.3 | 35.00 | 325.00 | 360.00 | OK | --no-vignettes |
| r-oldrel-macos-arm64 | 2.5.4 | 0.00 | 12.00 | 12.00 | ERROR | |
| r-oldrel-macos-x86_64 | 2.5.4 | 29.00 | 290.00 | 319.00 | OK | |
| r-oldrel-windows-x86_64 | 2.5.3 | 46.00 | 364.00 | 410.00 | OK | --no-vignettes |
Version: 2.5.4
Check: whether package can be installed
Result: ERROR
Installation failed.
Flavor: r-oldrel-macos-arm64