Last updated on 2025-11-25 11:51:55 CET.
| Flavor | Version | Tinstall | Tcheck | Ttotal | Status | Flags |
|---|---|---|---|---|---|---|
| r-devel-linux-x86_64-debian-clang | 1.4.0 | 5.26 | 51.58 | 56.84 | NOTE | |
| r-devel-linux-x86_64-debian-gcc | 1.4.0 | 3.84 | 35.26 | 39.10 | NOTE | |
| r-devel-linux-x86_64-fedora-clang | 1.4.0 | 13.00 | 76.47 | 89.47 | OK | |
| r-devel-linux-x86_64-fedora-gcc | 1.4.0 | 13.00 | 68.65 | 81.65 | OK | |
| r-devel-windows-x86_64 | 1.4.0 | 6.00 | 64.00 | 70.00 | OK | |
| r-patched-linux-x86_64 | 1.4.0 | 6.00 | 47.01 | 53.01 | OK | |
| r-release-linux-x86_64 | 1.4.0 | 4.90 | 47.16 | 52.06 | OK | |
| r-release-macos-arm64 | 1.4.0 | OK | ||||
| r-release-macos-x86_64 | 1.4.0 | 5.00 | 57.00 | 62.00 | OK | |
| r-release-windows-x86_64 | 1.4.0 | 6.00 | 72.00 | 78.00 | OK | |
| r-oldrel-macos-arm64 | 1.4.0 | OK | ||||
| r-oldrel-macos-x86_64 | 1.4.0 | 4.00 | 33.00 | 37.00 | OK | |
| r-oldrel-windows-x86_64 | 1.4.0 | 5.00 | 75.00 | 80.00 | OK |
Version: 1.4.0
Check: CRAN incoming feasibility
Result: NOTE
Maintainer: ‘Xiangwei Zhu <xwzhunc@gmail.com>’
No Authors@R field in DESCRIPTION.
Please add one, modifying
Authors@R: person(given = "Xiangwei",
family = "Zhu",
role = c("aut", "cre"),
email = "xwzhunc@gmail.com")
as necessary.
Flavors: r-devel-linux-x86_64-debian-clang, r-devel-linux-x86_64-debian-gcc