Last updated on 2025-11-15 11:50:50 CET.
| Flavor | Version | Tinstall | Tcheck | Ttotal | Status | Flags |
|---|---|---|---|---|---|---|
| r-devel-linux-x86_64-debian-clang | 1.1.2 | 110.21 | 76.63 | 186.84 | OK | |
| r-devel-linux-x86_64-debian-gcc | 1.1.2 | 65.29 | 54.85 | 120.14 | OK | |
| r-devel-linux-x86_64-fedora-clang | 1.1.2 | 231.00 | 125.23 | 356.23 | OK | |
| r-devel-linux-x86_64-fedora-gcc | 1.1.2 | 207.00 | 115.15 | 322.15 | OK | |
| r-devel-windows-x86_64 | 1.1.2 | 147.00 | 128.00 | 275.00 | OK | |
| r-patched-linux-x86_64 | 1.1.2 | 110.33 | 72.17 | 182.50 | OK | |
| r-release-linux-x86_64 | 1.1.2 | 107.06 | 73.44 | 180.50 | OK | |
| r-release-macos-arm64 | 1.1.2 | 36.00 | 54.00 | 90.00 | OK | |
| r-release-macos-x86_64 | 1.1.2 | 40.00 | 88.00 | 128.00 | OK | |
| r-release-windows-x86_64 | 1.1.2 | 129.00 | 125.00 | 254.00 | OK | |
| r-oldrel-macos-arm64 | 1.1.2 | 38.00 | 43.00 | 81.00 | NOTE | |
| r-oldrel-macos-x86_64 | 1.1.2 | 39.00 | 111.00 | 150.00 | NOTE | |
| r-oldrel-windows-x86_64 | 1.1.2 | 155.00 | 146.00 | 301.00 | OK |
Version: 1.1.2
Check: installed package size
Result: NOTE
installed size is 5.3Mb
sub-directories of 1Mb or more:
libs 4.8Mb
Flavors: r-oldrel-macos-arm64, r-oldrel-macos-x86_64