Last updated on 2025-10-25 09:49:35 CEST.
| Flavor | Version | Tinstall | Tcheck | Ttotal | Status | Flags |
|---|---|---|---|---|---|---|
| r-devel-linux-x86_64-debian-clang | 0.1.0 | 10.46 | 219.00 | 229.46 | NOTE | |
| r-devel-linux-x86_64-debian-gcc | 0.1.0 | 7.09 | 166.63 | 173.72 | NOTE | |
| r-devel-linux-x86_64-fedora-clang | 0.1.0 | 28.00 | 333.63 | 361.63 | OK | |
| r-devel-linux-x86_64-fedora-gcc | 0.1.0 | 22.00 | 357.82 | 379.82 | OK | |
| r-devel-windows-x86_64 | 0.1.0 | 11.00 | 221.00 | 232.00 | OK | |
| r-patched-linux-x86_64 | 0.1.0 | 10.22 | 227.50 | 237.72 | OK | |
| r-release-linux-x86_64 | 0.1.0 | 9.61 | 226.66 | 236.27 | OK | |
| r-release-macos-arm64 | 0.1.0 | 4.00 | 107.00 | 111.00 | OK | |
| r-release-macos-x86_64 | 0.1.0 | 7.00 | 208.00 | 215.00 | OK | |
| r-release-windows-x86_64 | 0.1.0 | 11.00 | 226.00 | 237.00 | OK | |
| r-oldrel-macos-arm64 | 0.1.0 | 5.00 | 120.00 | 125.00 | OK | |
| r-oldrel-macos-x86_64 | 0.1.0 | 7.00 | 182.00 | 189.00 | OK | |
| r-oldrel-windows-x86_64 | 0.1.0 | 15.00 | 304.00 | 319.00 | OK |
Version: 0.1.0
Check: CRAN incoming feasibility
Result: NOTE
Maintainer: ‘Alexander White <whitealj@iu.edu>’
The BugReports field in DESCRIPTION has
https://github.com/alexanderjwhite/mixedLSR
which should likely be
https://github.com/alexanderjwhite/mixedLSR/issues
instead.
Flavors: r-devel-linux-x86_64-debian-clang, r-devel-linux-x86_64-debian-gcc