Last updated on 2025-10-24 09:50:09 CEST.
| Flavor | Version | Tinstall | Tcheck | Ttotal | Status | Flags |
|---|---|---|---|---|---|---|
| r-devel-linux-x86_64-debian-clang | 2.2.4 | 25.91 | 454.96 | 480.87 | NOTE | |
| r-devel-linux-x86_64-debian-gcc | 2.2.4 | 16.15 | 299.16 | 315.31 | NOTE | |
| r-devel-linux-x86_64-fedora-clang | 2.2.4 | 125.00 | 601.03 | 726.03 | OK | |
| r-devel-linux-x86_64-fedora-gcc | 2.2.4 | 116.00 | 683.85 | 799.85 | OK | |
| r-devel-windows-x86_64 | 2.2.4 | 29.00 | 435.00 | 464.00 | OK | |
| r-patched-linux-x86_64 | 2.2.4 | 25.57 | 454.17 | 479.74 | OK | |
| r-release-linux-x86_64 | 2.2.4 | 25.32 | 467.83 | 493.15 | OK | |
| r-release-macos-arm64 | 2.2.4 | 16.00 | 196.00 | 212.00 | OK | |
| r-release-macos-x86_64 | 2.2.4 | 23.00 | 296.00 | 319.00 | OK | |
| r-release-windows-x86_64 | 2.2.4 | 30.00 | 430.00 | 460.00 | OK | |
| r-oldrel-macos-arm64 | 2.2.4 | 13.00 | 212.00 | 225.00 | OK | |
| r-oldrel-macos-x86_64 | 2.2.4 | 23.00 | 325.00 | 348.00 | OK | |
| r-oldrel-windows-x86_64 | 2.2.4 | 40.00 | 564.00 | 604.00 | OK |
Version: 2.2.4
Check: HTML version of manual
Result: NOTE
Found the following HTML validation problems:
updateSd.old.html:64:1 (updateSd.old.Rd:20): Warning: missing </ul> before </div>
Flavor: r-devel-linux-x86_64-debian-clang
Version: 2.2.4
Check: Rd files
Result: NOTE
checkRd: (-1) mistral-package.Rd:9-13: Only 3 columns allowed in this table (row 1 has 2)
checkRd: (-1) mistral-package.Rd:9-13: Only 3 columns allowed in this table (row 2 has 2)
checkRd: (-1) mistral-package.Rd:9-13: Only 3 columns allowed in this table (row 3 has 2)
Flavor: r-devel-linux-x86_64-debian-gcc