CRAN Package Check Results for Package microCRAN

Last updated on 2025-10-06 09:49:37 CEST.

Flavor Version Tinstall Tcheck Ttotal Status Flags
r-devel-linux-x86_64-debian-clang 0.9.0-1 3.88 34.46 38.34 NOTE
r-devel-linux-x86_64-debian-gcc 0.9.0-1 2.84 26.74 29.58 NOTE
r-devel-linux-x86_64-fedora-clang 0.9.0-1 56.36 NOTE
r-devel-linux-x86_64-fedora-gcc 0.9.0-1 54.02 NOTE
r-devel-windows-x86_64 0.9.0-1 6.00 54.00 60.00 NOTE
r-patched-linux-x86_64 0.9.0-1 3.50 32.36 35.86 NOTE
r-release-linux-x86_64 0.9.0-1 3.20 32.73 35.93 NOTE
r-release-macos-arm64 0.9.0-1 24.00 NOTE
r-release-macos-x86_64 0.9.0-1 37.00 NOTE
r-release-windows-x86_64 0.9.0-1 5.00 55.00 60.00 NOTE
r-oldrel-macos-arm64 0.9.0-1 22.00 OK
r-oldrel-macos-x86_64 0.9.0-1 30.00 OK
r-oldrel-windows-x86_64 0.9.0-1 7.00 62.00 69.00 OK

Check Details

Version: 0.9.0-1
Check: DESCRIPTION meta-information
Result: NOTE Missing dependency on R >= 4.1.0 because package code uses the pipe |> or function shorthand \(...) syntax added in R 4.1.0. File(s) using such syntax: ‘api.R’ ‘handlers-static.R’ ‘static-assets.Rd’ Flavors: r-devel-linux-x86_64-debian-clang, r-devel-linux-x86_64-debian-gcc, r-devel-linux-x86_64-fedora-clang, r-devel-linux-x86_64-fedora-gcc, r-devel-windows-x86_64, r-patched-linux-x86_64, r-release-linux-x86_64, r-release-macos-arm64, r-release-macos-x86_64, r-release-windows-x86_64